{"id":17383,"date":"2022-06-23T16:08:05","date_gmt":"2022-06-23T19:08:05","guid":{"rendered":"https:\/\/arduxop.com.br\/loja\/?post_type=product&#038;p=17383"},"modified":"2024-07-25T07:54:22","modified_gmt":"2024-07-25T11:54:22","slug":"rp2040-zero","status":"publish","type":"product","link":"https:\/\/arduxop.com.br\/loja\/produto\/rp2040-zero\/","title":{"rendered":"RP2040 Zero"},"content":{"rendered":"<p>1: ampla gama de aplica\u00e7\u00f5es<\/p>\n<p>2: processador de n\u00facleo duplo<\/p>\n<p>3: fun\u00e7\u00e3o do pino da configura\u00e7\u00e3o do apoio, que pode ser desenvolvida e integrada facilmente e flexivelmente<\/p>\n<p>4: suporte de baixa pot\u00eancia sono e modos de hiberna\u00e7\u00e3o<\/p>\n<p>5: frequ\u00eancia de funcionamento alta<\/p>\n<p><strong>Caracter\u00edsticas do produto<\/strong><\/p>\n<p>Adotar RP2040 chip do microcontrolador<\/p>\n<p>Equipado com um processador do c\u00f3rtex m0 + do bra\u00e7o do duplo-n\u00facleo, a frequ\u00eancia de funcionamento \u00e9 at\u00e9 o rel\u00f3gio flex\u00edvel de 133mhz. Built-in 264kb sram e 2mb on-chip flash<\/p>\n<p>O design real do furo do selo pode diretamente ser soldado e integrado na placa inferior projetada pelo usu\u00e1rio.<\/p>\n<p>Suporte do anfitri\u00e3o e do dispositivo usb1.1<\/p>\n<p>Suporta modos de sono e hiberna\u00e7\u00e3o de baixa pot\u00eancia<\/p>\n<p>Arrastar e soltar download do programa via reconhecimento usb como armazenamento em massa<\/p>\n<p>29 pinos gpio de rp2040 s\u00e3o conduzidos para fora (20 podem ser conduzidos para fora atrav\u00e9s dos cabe\u00e7alhos do pino, e o resto s\u00f3 pode ser conduzido para fora soldando)<\/p>\n<p>2 spis, 2 12cs, 2 uarts, 4 adcs de 12 bits, 16 canais pwm control\u00e1veis.<\/p>\n<p>Rel\u00f3gios e temporizadores exatos na microplaqueta<\/p>\n<p>Sensor de temperatura<\/p>\n<p><span data-spm-anchor-id=\"a2g0o.detail.1000023.i0.e1a57ffbDnq4jV\">Biblioteca de ponto flutuante acelerada no chip<\/span><\/p>\n<p>8 m\u00e1quinas program\u00e1veis do estado do i\/o (pio) para o apoio perif\u00e9rico feito sob encomenda<\/p>\n<p><strong>Pacote Inclui:<\/strong><\/p>\n<p>1 * raspberry pi RP2040-Zero placa de desenvolvimento microcontrolador pico (sem cabe\u00e7alho pino\/com cabe\u00e7alho pino)<\/p>\n","protected":false},"excerpt":{"rendered":"<p>RP2040 Zero<\/p>\n","protected":false},"featured_media":17385,"template":"","meta":[],"product_brand":[],"product_cat":[411],"product_tag":[],"class_list":{"0":"post-17383","1":"product","2":"type-product","3":"status-publish","4":"has-post-thumbnail","6":"product_cat-sem-categoria","8":"entry","9":"has-media","11":"first","12":"instock","13":"shipping-taxable","14":"purchasable","15":"product-type-simple","16":"has-product-nav","17":"col","18":"span_1_of_3","19":"owp-content-center","20":"owp-thumbs-layout-horizontal","21":"owp-btn-normal","22":"owp-tabs-layout-horizontal"},"_links":{"self":[{"href":"https:\/\/arduxop.com.br\/loja\/wp-json\/wp\/v2\/product\/17383","targetHints":{"allow":["GET"]}}],"collection":[{"href":"https:\/\/arduxop.com.br\/loja\/wp-json\/wp\/v2\/product"}],"about":[{"href":"https:\/\/arduxop.com.br\/loja\/wp-json\/wp\/v2\/types\/product"}],"wp:featuredmedia":[{"embeddable":true,"href":"https:\/\/arduxop.com.br\/loja\/wp-json\/wp\/v2\/media\/17385"}],"wp:attachment":[{"href":"https:\/\/arduxop.com.br\/loja\/wp-json\/wp\/v2\/media?parent=17383"}],"wp:term":[{"taxonomy":"product_brand","embeddable":true,"href":"https:\/\/arduxop.com.br\/loja\/wp-json\/wp\/v2\/product_brand?post=17383"},{"taxonomy":"product_cat","embeddable":true,"href":"https:\/\/arduxop.com.br\/loja\/wp-json\/wp\/v2\/product_cat?post=17383"},{"taxonomy":"product_tag","embeddable":true,"href":"https:\/\/arduxop.com.br\/loja\/wp-json\/wp\/v2\/product_tag?post=17383"}],"curies":[{"name":"wp","href":"https:\/\/api.w.org\/{rel}","templated":true}]}}