{"id":17071,"date":"2021-09-30T11:35:24","date_gmt":"2021-09-30T14:35:24","guid":{"rendered":"https:\/\/arduxop.com.br\/loja\/?post_type=product&#038;p=17071"},"modified":"2024-07-25T07:54:31","modified_gmt":"2024-07-25T11:54:31","slug":"modulo-nrf24l01-wireless","status":"publish","type":"product","link":"https:\/\/arduxop.com.br\/loja\/produto\/modulo-nrf24l01-wireless\/","title":{"rendered":"Modulo Nrf24l01 Wireless"},"content":{"rendered":"<p>O NRF24L01 \u00e9 um transceptor 2.4GHz de baixo consumo de energia e baixo custo da Nordic Semiconductors. \u00c9 ideal para muitas aplica\u00e7\u00f5es que requerem comunica\u00e7\u00f5es sem fio. Este m\u00f3dulo nRF24L01 possui amplificador de pot\u00eancia (PA) e antena externa (LNA).<\/p>\n<p>Utiliza a mesma interface do m\u00f3dulo Nordic nRF24L01 comum, assim voc\u00ea poder\u00e1 substituir seu antigo m\u00f3dulo com pot\u00eancia inferior por este m\u00f3dulo em seu projeto e assim conseguir uma transmiss\u00e3o de longa dist\u00e2ncia, sem qualquer altera\u00e7\u00e3o. Este m\u00f3dulo acompanha uma antena de 2.4GHz (2db), com taxa de transmiss\u00e3o de 250Kbps ao ar livre, a dist\u00e2ncia de comunica\u00e7\u00e3o pode chegar at\u00e9 1Km.<\/p>\n<p>Especifica\u00e7\u00f5es.:<\/p>\n<p>&#8211; Tens\u00e3o: 3.3V-3.6V (recomendado 3.3V)<br \/>\n&#8211; Pot\u00eancia m\u00e1xima de sa\u00edda: 20 dBm<br \/>\n&#8211; Consumo(transmitindo): 115mA(pico)<br \/>\n&#8211; Consumo(recebendo): 45mA(pico)<br \/>\n&#8211; Consumo(power-down): 4.2uA<br \/>\n&#8211; Sensibilidade em modo de recep\u00e7\u00e3o 2Mbp:-92dBm<br \/>\n&#8211; Sensibilidade em modo de recep\u00e7\u00e3o 1Mbps:-95dBm<br \/>\n&#8211; Sensibilidade em modo de recep\u00e7\u00e3o 250kbps:-104dBm<br \/>\n&#8211; PA ganho: 20dB<br \/>\n&#8211; LNA ganho: 10dB<br \/>\n&#8211; LNA figura de ru\u00eddo: 2.6Db<br \/>\n&#8211; Ganho da antena (pico): 2 dBi<br \/>\n&#8211; Taxa de 2MB (\u00e1rea aberta): 520m<br \/>\n&#8211; Taxa de 1MB (\u00e1rea aberta): 750m<br \/>\n&#8211; Taxa de 250kb (\u00e1rea aberta): 1000m<br \/>\n&#8211; Dimens\u00f5es: 45,54 mm * 16,46 mm<br \/>\n&#8211; Velocidade SPI: 0 a 10Mbps<br \/>\n&#8211; Canais: 125<br \/>\n&#8211; N\u00famero de pinos: 8<br \/>\n&#8211; Temperatura de trabalho: -40 a 85\u00baC<\/p>\n<p>Acompanha.:<\/p>\n<p>1 &#8211; M\u00f3dulo Wireless Nrf24l01<br \/>\n1 &#8211; Antena<\/p>\n","protected":false},"excerpt":{"rendered":"<p>Modulo Nrf24l01 Wireless Arduino Pa Lna Com Antena 1000m<\/p>\n","protected":false},"featured_media":17072,"template":"","meta":[],"product_brand":[],"product_cat":[411],"product_tag":[],"class_list":{"0":"post-17071","1":"product","2":"type-product","3":"status-publish","4":"has-post-thumbnail","6":"product_cat-sem-categoria","8":"entry","9":"has-media","11":"first","12":"outofstock","13":"shipping-taxable","14":"purchasable","15":"product-type-simple","16":"has-product-nav","17":"col","18":"span_1_of_3","19":"owp-content-center","20":"owp-thumbs-layout-horizontal","21":"owp-btn-normal","22":"owp-tabs-layout-horizontal","23":"has-no-thumbnails"},"_links":{"self":[{"href":"https:\/\/arduxop.com.br\/loja\/wp-json\/wp\/v2\/product\/17071","targetHints":{"allow":["GET"]}}],"collection":[{"href":"https:\/\/arduxop.com.br\/loja\/wp-json\/wp\/v2\/product"}],"about":[{"href":"https:\/\/arduxop.com.br\/loja\/wp-json\/wp\/v2\/types\/product"}],"wp:featuredmedia":[{"embeddable":true,"href":"https:\/\/arduxop.com.br\/loja\/wp-json\/wp\/v2\/media\/17072"}],"wp:attachment":[{"href":"https:\/\/arduxop.com.br\/loja\/wp-json\/wp\/v2\/media?parent=17071"}],"wp:term":[{"taxonomy":"product_brand","embeddable":true,"href":"https:\/\/arduxop.com.br\/loja\/wp-json\/wp\/v2\/product_brand?post=17071"},{"taxonomy":"product_cat","embeddable":true,"href":"https:\/\/arduxop.com.br\/loja\/wp-json\/wp\/v2\/product_cat?post=17071"},{"taxonomy":"product_tag","embeddable":true,"href":"https:\/\/arduxop.com.br\/loja\/wp-json\/wp\/v2\/product_tag?post=17071"}],"curies":[{"name":"wp","href":"https:\/\/api.w.org\/{rel}","templated":true}]}}