{"id":17039,"date":"2021-08-26T21:30:34","date_gmt":"2021-08-27T00:30:34","guid":{"rendered":"https:\/\/arduxop.com.br\/loja\/?post_type=product&#038;p=17039"},"modified":"2024-07-25T07:54:34","modified_gmt":"2024-07-25T11:54:34","slug":"mini-umidificador-de-ar","status":"publish","type":"product","link":"https:\/\/arduxop.com.br\/loja\/produto\/mini-umidificador-de-ar\/","title":{"rendered":"Mini umidificador de ar"},"content":{"rendered":"<p><strong><span data-spm-anchor-id=\"a2g0o.detail.1000023.i6.352b5753yw21LL\">Caracter\u00edsticas:<\/span><\/strong><\/p>\n<p>Part\u00edculas de spray super finas, super grande quantidade de atomiza\u00e7\u00e3o, \u00e1rea de trabalho n\u00e3o molhada.<br \/>\nBaixa tens\u00e3o de condu\u00e7\u00e3o, baixa pot\u00eancia, baixa imped\u00e2ncia, forma de onda est\u00e1vel, alta efici\u00eancia de convers\u00e3o.<br \/>\nPlaca de circuito usando componentes eletr\u00f4nicos, prote\u00e7\u00e3o ambiental.<\/p>\n<p>Pulverize no meio da pe\u00e7a de atomiza\u00e7\u00e3o, abertura de spray ultrafina 5um, n\u00famero de orif\u00edcio de spray ultra-denso de 740.<\/p>\n<p>Programa de prote\u00e7\u00e3o integrado, corte automaticamente a energia ap\u00f3s tr\u00eas horas, reconecte a energia pode ser retomada.<\/p>\n<p><strong>Especifica\u00e7\u00f5es:<\/strong><\/p>\n<p><span data-spm-anchor-id=\"a2g0o.detail.1000023.i7.352b5753yw21LL\">Tens\u00e3o: dv 5v<br \/>\nAtual: 300ma<br \/>\nPot\u00eancia: 2w<br \/>\nFrequ\u00eancia: 108khz<br \/>\nN\u00famero de buracos: 740<br \/>\nAbertura: 5um<br \/>\nMateriais: componentes eletr\u00f4nicos de silicone de pl\u00e1stico<br \/>\nTamanho: n\u00famero\/n\u00famero<br \/>\nCor: como fotos mostradas<br \/>\nQuantidade: 1 unidade<\/span><\/p>\n<p><strong>Observa\u00e7\u00e3o:<\/strong><\/p>\n<p>Por favor, permita um erro de 0-1cm devido \u00e0 medi\u00e7\u00e3o manual. Por favor, certifique-se de n\u00e3o se importar antes de oferecer.<\/p>\n<p><strong>O pacote inclui:<\/strong><\/p>\n<p>1 x pe\u00e7a de atomiza\u00e7\u00e3o e m\u00f3dulo de placa de circuito<\/p>\n","protected":false},"excerpt":{"rendered":"<p class=\"product-title-text\" data-spm-anchor-id=\"a2g0o.detail.1000016.i3.352b5753yw21LL\">Mini umidificador de ar<\/p>\n","protected":false},"featured_media":17042,"template":"","meta":[],"product_brand":[],"product_cat":[411],"product_tag":[],"class_list":{"0":"post-17039","1":"product","2":"type-product","3":"status-publish","4":"has-post-thumbnail","6":"product_cat-sem-categoria","8":"entry","9":"has-media","11":"first","12":"outofstock","13":"shipping-taxable","14":"purchasable","15":"product-type-simple","16":"has-product-nav","17":"col","18":"span_1_of_3","19":"owp-content-center","20":"owp-thumbs-layout-horizontal","21":"owp-btn-normal","22":"owp-tabs-layout-horizontal"},"_links":{"self":[{"href":"https:\/\/arduxop.com.br\/loja\/wp-json\/wp\/v2\/product\/17039","targetHints":{"allow":["GET"]}}],"collection":[{"href":"https:\/\/arduxop.com.br\/loja\/wp-json\/wp\/v2\/product"}],"about":[{"href":"https:\/\/arduxop.com.br\/loja\/wp-json\/wp\/v2\/types\/product"}],"wp:featuredmedia":[{"embeddable":true,"href":"https:\/\/arduxop.com.br\/loja\/wp-json\/wp\/v2\/media\/17042"}],"wp:attachment":[{"href":"https:\/\/arduxop.com.br\/loja\/wp-json\/wp\/v2\/media?parent=17039"}],"wp:term":[{"taxonomy":"product_brand","embeddable":true,"href":"https:\/\/arduxop.com.br\/loja\/wp-json\/wp\/v2\/product_brand?post=17039"},{"taxonomy":"product_cat","embeddable":true,"href":"https:\/\/arduxop.com.br\/loja\/wp-json\/wp\/v2\/product_cat?post=17039"},{"taxonomy":"product_tag","embeddable":true,"href":"https:\/\/arduxop.com.br\/loja\/wp-json\/wp\/v2\/product_tag?post=17039"}],"curies":[{"name":"wp","href":"https:\/\/api.w.org\/{rel}","templated":true}]}}