{"id":1703,"date":"2018-01-16T11:27:46","date_gmt":"2018-01-16T13:27:46","guid":{"rendered":"https:\/\/arduxop.com.br\/loja\/produto\/kit-drone-esc-30a-motor-brushless-a2212-par-helice-1045\/"},"modified":"2024-07-25T07:57:04","modified_gmt":"2024-07-25T11:57:04","slug":"kit-drone-esc-30a-motor-brushless-a2212-par-helice-1045","status":"publish","type":"product","link":"https:\/\/arduxop.com.br\/loja\/produto\/kit-drone-esc-30a-motor-brushless-a2212-par-helice-1045\/","title":{"rendered":"Kit Drone Esc 30a + Motor Brushless A2212 + Par Helice 1045"},"content":{"rendered":"<p>Descri\u00e7\u00e3o do produto: A2212 motor:\u00a0 KV: 1000 Max Efici\u00eancia: 80% Efici\u00eancia Max atual: 4-10A (&gt; 75%) Capacidade de corrente: 12A\/60 s Sem carga atual @ 10 V: 0.5A N\u00e3o. de c\u00e9lulas: 2-3 Li-Poly Motor Dimens\u00f5es: \u03a627. 5*30 mm Di\u00e2metro do eixo: \u03a63. 17 mm \u00a030A Brushless esc:\u00a0 Sa\u00edda: 30A cont\u00ednuo, 40A Explos\u00e3o de at\u00e9 10 segundos. Tens\u00e3o de entrada: 2-4 c\u00e9lulas de bateria de l\u00edtio ou 5-12 c\u00e9lulas de bateria NiCd\/NiMH. BEC: 2A\/5 V (modo linear). Velocidade m\u00e1xima: 210.000 rpm para 2 p\u00f3los BLM, 70.000 rpm para 6 p\u00f3los BLM, 35.000 rpm para 12 p\u00f3los BLM. ( BLM: motor brushless) 1045 h\u00e9lices:\u00a0 Di\u00e2metro do eixo: 6,0 mm Ajust\u00e1vel pelo adaptador furo (3 mm, 3,2 mm, 4 mm, 5 mm, 6 mm, 6,35 mm, 7,95 mm) Espessura do centro: 9,7 mm Peso: 15 gramas\/par Recomendado dist\u00e2ncia entre eixos: 550 mm-700 mm<\/p>\n","protected":false},"excerpt":{"rendered":"<p>Descri\u00e7\u00e3o do produto: A2212 motor:\u00a0 KV: 1000 Max Efici\u00eancia: 80% Efici\u00eancia Max atual: 4-10A (&gt; 75%) Capacidade de corrente: 12A\/60 s Sem carga atual @ 10 V: 0.5A N\u00e3o. de c\u00e9lulas: 2-3 Li-Poly Motor Dimens\u00f5es: \u03a627. 5*30 mm Di\u00e2metro do eixo: \u03a63. 17 mm \u00a030A Brushless esc:\u00a0 Sa\u00edda: 30A cont\u00ednuo, 40A Explos\u00e3o de at\u00e9 10 [&hellip;]<\/p>\n","protected":false},"featured_media":1704,"template":"","meta":[],"product_brand":[],"product_cat":[42],"product_tag":[],"class_list":{"0":"post-1703","1":"product","2":"type-product","3":"status-publish","4":"has-post-thumbnail","6":"product_cat-aeromodelos","8":"entry","9":"has-media","11":"first","12":"instock","13":"sale","14":"purchasable","15":"product-type-simple","16":"has-product-nav","17":"col","18":"span_1_of_3","19":"owp-content-center","20":"owp-thumbs-layout-horizontal","21":"owp-btn-normal","22":"owp-tabs-layout-horizontal"},"_links":{"self":[{"href":"https:\/\/arduxop.com.br\/loja\/wp-json\/wp\/v2\/product\/1703","targetHints":{"allow":["GET"]}}],"collection":[{"href":"https:\/\/arduxop.com.br\/loja\/wp-json\/wp\/v2\/product"}],"about":[{"href":"https:\/\/arduxop.com.br\/loja\/wp-json\/wp\/v2\/types\/product"}],"wp:featuredmedia":[{"embeddable":true,"href":"https:\/\/arduxop.com.br\/loja\/wp-json\/wp\/v2\/media\/1704"}],"wp:attachment":[{"href":"https:\/\/arduxop.com.br\/loja\/wp-json\/wp\/v2\/media?parent=1703"}],"wp:term":[{"taxonomy":"product_brand","embeddable":true,"href":"https:\/\/arduxop.com.br\/loja\/wp-json\/wp\/v2\/product_brand?post=1703"},{"taxonomy":"product_cat","embeddable":true,"href":"https:\/\/arduxop.com.br\/loja\/wp-json\/wp\/v2\/product_cat?post=1703"},{"taxonomy":"product_tag","embeddable":true,"href":"https:\/\/arduxop.com.br\/loja\/wp-json\/wp\/v2\/product_tag?post=1703"}],"curies":[{"name":"wp","href":"https:\/\/api.w.org\/{rel}","templated":true}]}}