{"id":1679,"date":"2018-01-16T10:27:20","date_gmt":"2018-01-16T13:27:20","guid":{"rendered":"https:\/\/arduxop.com.br\/loja\/produto\/display-lcd-16x2-com-modulo-i2c-serial-4fios\/"},"modified":"2025-02-07T13:42:41","modified_gmt":"2025-02-07T17:42:41","slug":"display-lcd-16x2-com-modulo-i2c-serial-4fios","status":"publish","type":"product","link":"https:\/\/arduxop.com.br\/loja\/produto\/display-lcd-16x2-com-modulo-i2c-serial-4fios\/","title":{"rendered":"Display Lcd 16&#215;2 com M\u00f3dulo I2c Serial 4fios"},"content":{"rendered":"<p>DISPLAY LCD 16 COLUNAS x 2 LINHAS<\/p>\n<p>Comunica\u00e7\u00e3o I2C somente 4 Fios<\/p>\n<p>Fundo AZUL e LETRA BRANCA<\/p>\n<p>O melhor LCD para seu projeto de Ardu\u00edno Produto novo, testado a pronta entrega<\/p>\n<p>Ligue-o ao seu arduino ou outro microcontrolador via I2C com apenas 2 fios de comunica\u00e7\u00e3o + 2 fios de \u00a0 \u00a0alimenta\u00e7\u00e3o.<\/p>\n<p>Caracter\u00edsticas b\u00e1sicas:<\/p>\n<p>* Comunica\u00e7\u00e3o serial com protocolo I2C: Utiliza apenas\u00a0dois pinos\u00a0do microcontrolador. No caso do Arduinio a \u00a0\u00a0 \u00a0 comunica\u00e7\u00e3o I2C e feita atrav\u00e9s dos pinos A4 (DATA-SDA) e A5 (CLOCK-SCL).<\/p>\n<p>* I2C chip: PCF8574;<\/p>\n<p>* Endere\u00e7o I2C: 0x27;<\/p>\n<p>* Controlador Do display HD44780;<\/p>\n<p>* 2 linhas X 16 caracteres;<\/p>\n<p>* Tens\u00e3o de opera\u00e7\u00e3o: 5V DC;<\/p>\n<p>* Dimens\u00e3o: 80mm x 35mm x 11mm;<\/p>\n<p>* Tamanho da \u00e1rea de vis\u00e3o: 64,5 mil\u00edmetros x 16 mil\u00edmetros.<\/p>\n","protected":false},"excerpt":{"rendered":"<p>DISPLAY LCD 16 COLUNAS x 2 LINHAS Comunica\u00e7\u00e3o I2C somente 4 Fios Fundo AZUL e LETRA BRANCA O melhor LCD para seu projeto de Ardu\u00edno Produto novo, testado a pronta entrega Ligue-o ao seu arduino ou outro microcontrolador via I2C com apenas 2 fios de comunica\u00e7\u00e3o + 2 fios de \u00a0 \u00a0alimenta\u00e7\u00e3o. Caracter\u00edsticas b\u00e1sicas: * [&hellip;]<\/p>\n","protected":false},"featured_media":2492,"template":"","meta":[],"product_brand":[],"product_cat":[183,233],"product_tag":[],"class_list":{"0":"post-1679","1":"product","2":"type-product","3":"status-publish","4":"has-post-thumbnail","6":"product_cat-displays","7":"product_cat-lcd","9":"entry","10":"has-media","12":"first","13":"instock","14":"purchasable","15":"product-type-simple","16":"has-product-nav","17":"col","18":"span_1_of_3","19":"owp-content-center","20":"owp-thumbs-layout-horizontal","21":"owp-btn-normal","22":"owp-tabs-layout-horizontal"},"_links":{"self":[{"href":"https:\/\/arduxop.com.br\/loja\/wp-json\/wp\/v2\/product\/1679","targetHints":{"allow":["GET"]}}],"collection":[{"href":"https:\/\/arduxop.com.br\/loja\/wp-json\/wp\/v2\/product"}],"about":[{"href":"https:\/\/arduxop.com.br\/loja\/wp-json\/wp\/v2\/types\/product"}],"wp:featuredmedia":[{"embeddable":true,"href":"https:\/\/arduxop.com.br\/loja\/wp-json\/wp\/v2\/media\/2492"}],"wp:attachment":[{"href":"https:\/\/arduxop.com.br\/loja\/wp-json\/wp\/v2\/media?parent=1679"}],"wp:term":[{"taxonomy":"product_brand","embeddable":true,"href":"https:\/\/arduxop.com.br\/loja\/wp-json\/wp\/v2\/product_brand?post=1679"},{"taxonomy":"product_cat","embeddable":true,"href":"https:\/\/arduxop.com.br\/loja\/wp-json\/wp\/v2\/product_cat?post=1679"},{"taxonomy":"product_tag","embeddable":true,"href":"https:\/\/arduxop.com.br\/loja\/wp-json\/wp\/v2\/product_tag?post=1679"}],"curies":[{"name":"wp","href":"https:\/\/api.w.org\/{rel}","templated":true}]}}