{"id":1650,"date":"2018-01-16T11:27:20","date_gmt":"2018-01-16T13:27:20","guid":{"rendered":"https:\/\/arduxop.com.br\/loja\/produto\/display-lcd-arduino-comunicacao-20x4\/"},"modified":"2024-07-25T07:57:15","modified_gmt":"2024-07-25T11:57:15","slug":"display-lcd-arduino-comunicacao-20x4","status":"publish","type":"product","link":"https:\/\/arduxop.com.br\/loja\/produto\/display-lcd-arduino-comunicacao-20x4\/","title":{"rendered":"Display Lcd Ardu\u00edno Comunica\u00e7\u00e3o 20&#215;4 I2C"},"content":{"rendered":"<p>Este display \u00e9 utilizado em projetos com Arduino e PIC, podendo ser operado em 4 ou 8-bits paralelamente. \u00c9 uma excelente op\u00e7\u00e3o se voc\u00ea precisa exibir v\u00e1rias informa\u00e7\u00f5es, que muitas vezes n\u00e3o cabem em um display 16&#215;2. A liga\u00e7\u00e3o com o Arduino \u00e9 simples, usando 4 pinos de dados e 2 de controle.<\/p>\n<p>Especifica\u00e7\u00f5es:<\/p>\n<p>&#8211; Cor backlight: Azul<br \/>\n&#8211; Cor escrita: Branca<br \/>\n&#8211; Dimens\u00e3o total: 98,0 X 60,0 X 14,0mm<\/p>\n","protected":false},"excerpt":{"rendered":"<p class=\"item-title__primary \">Display Lcd 20&#215;4 2004 I2c Backlight Azul Escrita Branca<\/p>\n","protected":false},"featured_media":2624,"template":"","meta":[],"product_brand":[],"product_cat":[183,233],"product_tag":[],"class_list":{"0":"post-1650","1":"product","2":"type-product","3":"status-publish","4":"has-post-thumbnail","6":"product_cat-displays","7":"product_cat-lcd","9":"entry","10":"has-media","12":"first","13":"instock","14":"purchasable","15":"product-type-simple","16":"has-product-nav","17":"col","18":"span_1_of_3","19":"owp-content-center","20":"owp-thumbs-layout-horizontal","21":"owp-btn-normal","22":"owp-tabs-layout-horizontal"},"_links":{"self":[{"href":"https:\/\/arduxop.com.br\/loja\/wp-json\/wp\/v2\/product\/1650","targetHints":{"allow":["GET"]}}],"collection":[{"href":"https:\/\/arduxop.com.br\/loja\/wp-json\/wp\/v2\/product"}],"about":[{"href":"https:\/\/arduxop.com.br\/loja\/wp-json\/wp\/v2\/types\/product"}],"wp:featuredmedia":[{"embeddable":true,"href":"https:\/\/arduxop.com.br\/loja\/wp-json\/wp\/v2\/media\/2624"}],"wp:attachment":[{"href":"https:\/\/arduxop.com.br\/loja\/wp-json\/wp\/v2\/media?parent=1650"}],"wp:term":[{"taxonomy":"product_brand","embeddable":true,"href":"https:\/\/arduxop.com.br\/loja\/wp-json\/wp\/v2\/product_brand?post=1650"},{"taxonomy":"product_cat","embeddable":true,"href":"https:\/\/arduxop.com.br\/loja\/wp-json\/wp\/v2\/product_cat?post=1650"},{"taxonomy":"product_tag","embeddable":true,"href":"https:\/\/arduxop.com.br\/loja\/wp-json\/wp\/v2\/product_tag?post=1650"}],"curies":[{"name":"wp","href":"https:\/\/api.w.org\/{rel}","templated":true}]}}