{"id":15748,"date":"2020-12-23T16:11:35","date_gmt":"2020-12-23T18:11:35","guid":{"rendered":"https:\/\/arduxop.com.br\/loja\/?post_type=product&#038;p=15748"},"modified":"2024-07-25T07:54:44","modified_gmt":"2024-07-25T11:54:44","slug":"cre-placa-de-equalizacao-baterias","status":"publish","type":"product","link":"https:\/\/arduxop.com.br\/loja\/produto\/cre-placa-de-equalizacao-baterias\/","title":{"rendered":"CRE Placa de Equaliza\u00e7\u00e3o Baterias"},"content":{"rendered":"<p>Descri\u00e7\u00e3o:<\/p>\n<p>A placa de balanceamento \u00e9 adequada para a bateria de \u00edon de l\u00edtio sem fun\u00e7\u00f5es de balanceamento, de modo a equalizar a fun\u00e7\u00e3o de carga da bateria de l\u00edtio, fa\u00e7a com que a bateria carregue cada s\u00e9rie ao mesmo tempo.<\/p>\n<p>Nota: A placa de balanceamento deve precisar que o BMS seja usado em conjunto, e o BMS n\u00e3o possui fun\u00e7\u00e3o de balanceamento<\/p>\n<p>&nbsp;<\/p>\n<p>Especifica\u00e7\u00f5es:<\/p>\n<p>Tens\u00e3o de equil\u00edbrio para cada c\u00e9lula: 4.2V<\/p>\n<p>Corrente de equil\u00edbrio para cada c\u00e9lula: 66mA<\/p>\n<p>&nbsp;<\/p>\n<p>O balanceador \u00e9 apenas uma fun\u00e7\u00e3o auxiliar, o balanceamento significa que quando a bateria \u00e9 carregada, cada bateria em s\u00e9rie precisa com a mesma voltagem. Quando UMA voltagem de c\u00e9lula obt\u00e9m 4.2V, as outras c\u00e9lulas n\u00e3o, a primeira voltagem da c\u00e9lula ser\u00e1 descarregada para esperar que as outras c\u00e9lulas subam para o mesmo n\u00edvel.<\/p>\n<p>&nbsp;<\/p>\n<p>Nota:<\/p>\n<p>diferen\u00e7as de resist\u00eancia interna da bateria dentro de 5 miliohm, tens\u00e3o dentro de 0,03 V, capacidade varia dentro de 50 ma<\/p>\n<p>&nbsp;<\/p>\n<p>A tens\u00e3o de corte est\u00e1 de acordo com a configura\u00e7\u00e3o BMS<\/p>\n<p>&nbsp;<\/p>\n<p>Instru\u00e7\u00e3o 3S Cnnection:<\/p>\n<p>B4 + Sem conex\u00e3o<\/p>\n<p>B3 + Conecte a bateria positiva;<\/p>\n<p>B2 + Conecte o ponto entre a bateria 1 e a bateria 2;<\/p>\n<p>B1 + Conecte o ponto entre a bateria 2 e a bateria 3;<\/p>\n<p>B- Conecte a bateria negativa;<\/p>\n<p>&nbsp;<\/p>\n<p>Placa de equil\u00edbrio 3S pode usar como 2S<\/p>\n<p>&nbsp;<\/p>\n<p>Tamanho: 2.1x2cm \/ 0.83&#215;0.79inch<\/p>\n<p>Quantidade: 1 Pc<\/p>\n<p class=\"responsive-video-wrap clr\"><iframe title=\"POR QUE COLOCO A SEGUNDA PLACA NA BATERIA DA CAIXA SOM HEINEKEN ?\" width=\"1200\" height=\"675\" src=\"https:\/\/www.youtube.com\/embed\/6zJkQG5_eUs?feature=oembed\" frameborder=\"0\" allow=\"accelerometer; autoplay; clipboard-write; encrypted-media; gyroscope; picture-in-picture\" allowfullscreen><\/iframe><\/p>\n","protected":false},"excerpt":{"rendered":"<p>CRE Placa de Equaliza\u00e7\u00e3o 3S de 4 2V para Bateria de \u00cdon de L\u00edtio\/Placa de Balanceamento e Prote\u00e7\u00e3o\/Carga Total<\/p>\n","protected":false},"featured_media":15750,"template":"","meta":[],"product_brand":[],"product_cat":[185,187,194,197],"product_tag":[],"class_list":{"0":"post-15748","1":"product","2":"type-product","3":"status-publish","4":"has-post-thumbnail","6":"product_cat-fontes","7":"product_cat-pilhas-e-baterias","8":"product_cat-reguladores-de-tensao","9":"product_cat-volt-amperes","11":"entry","12":"has-media","14":"first","15":"outofstock","16":"shipping-taxable","17":"purchasable","18":"product-type-simple","19":"has-product-nav","20":"col","21":"span_1_of_3","22":"owp-content-center","23":"owp-thumbs-layout-horizontal","24":"owp-btn-normal","25":"owp-tabs-layout-horizontal"},"_links":{"self":[{"href":"https:\/\/arduxop.com.br\/loja\/wp-json\/wp\/v2\/product\/15748","targetHints":{"allow":["GET"]}}],"collection":[{"href":"https:\/\/arduxop.com.br\/loja\/wp-json\/wp\/v2\/product"}],"about":[{"href":"https:\/\/arduxop.com.br\/loja\/wp-json\/wp\/v2\/types\/product"}],"wp:featuredmedia":[{"embeddable":true,"href":"https:\/\/arduxop.com.br\/loja\/wp-json\/wp\/v2\/media\/15750"}],"wp:attachment":[{"href":"https:\/\/arduxop.com.br\/loja\/wp-json\/wp\/v2\/media?parent=15748"}],"wp:term":[{"taxonomy":"product_brand","embeddable":true,"href":"https:\/\/arduxop.com.br\/loja\/wp-json\/wp\/v2\/product_brand?post=15748"},{"taxonomy":"product_cat","embeddable":true,"href":"https:\/\/arduxop.com.br\/loja\/wp-json\/wp\/v2\/product_cat?post=15748"},{"taxonomy":"product_tag","embeddable":true,"href":"https:\/\/arduxop.com.br\/loja\/wp-json\/wp\/v2\/product_tag?post=15748"}],"curies":[{"name":"wp","href":"https:\/\/api.w.org\/{rel}","templated":true}]}}