{"id":1496,"date":"2018-01-16T11:26:30","date_gmt":"2018-01-16T14:26:30","guid":{"rendered":"https:\/\/arduxop.com.br\/loja\/produto\/arduino-nano-3-0-atmega-328-rev3-r3-3-0-c-cabo-usb\/"},"modified":"2025-01-31T10:08:54","modified_gmt":"2025-01-31T14:08:54","slug":"arduino-nano-3-0-atmega-328-rev3-r3-3-0-c-cabo-usb","status":"publish","type":"product","link":"https:\/\/arduxop.com.br\/loja\/produto\/arduino-nano-3-0-atmega-328-rev3-r3-3-0-c-cabo-usb\/","title":{"rendered":"Arduino Nano *SEM CABO*"},"content":{"rendered":"<p>Descri\u00e7\u00e3o:<br \/>\nMicrocontrolador: ATmega328P<br \/>\nTens\u00e3o operacional (n\u00edvel l\u00f3gico): 5V<br \/>\nTens\u00e3o de entrada (recomendada): 7-12V<br \/>\nTens\u00e3o de entrada (limites): 6-20V<br \/>\nOI digital: 14 PINOS (dos quais 6 oferecem sa\u00edda PWM)<br \/>\nPinos de entrada anal\u00f3gica: 8<br \/>\nCorrente DC por I \/ O Pin: 40mA<br \/>\nMem\u00f3ria Flash: 32KB (ATmega328), dos quais 2 KB utilizado pelo gerenciador de boot<br \/>\nSRAM: 2KB (ATmega328)<br \/>\nEEPROM: 1KB (ATmega328)<br \/>\nVelocidade do rel\u00f3gio: 16 MHz<br \/>\nDimens\u00f5es: 43 x 18 x 19mm<br \/>\nPeso: 6g<\/p>\n","protected":false},"excerpt":{"rendered":"<p>CABO DE PROGRAMA\u00c7\u00c3O R$ 10,00<\/p>\n","protected":false},"featured_media":17326,"template":"","meta":[],"product_brand":[],"product_cat":[49,175],"product_tag":[322],"class_list":{"0":"post-1496","1":"product","2":"type-product","3":"status-publish","4":"has-post-thumbnail","6":"product_cat-microprocessadores","7":"product_cat-placas","8":"product_tag-nano","9":"product_shipping_class-loja","11":"entry","12":"has-media","14":"first","15":"instock","16":"purchasable","17":"product-type-simple","18":"has-product-nav","19":"col","20":"span_1_of_3","21":"owp-content-center","22":"owp-thumbs-layout-horizontal","23":"owp-btn-normal","24":"owp-tabs-layout-horizontal"},"_links":{"self":[{"href":"https:\/\/arduxop.com.br\/loja\/wp-json\/wp\/v2\/product\/1496","targetHints":{"allow":["GET"]}}],"collection":[{"href":"https:\/\/arduxop.com.br\/loja\/wp-json\/wp\/v2\/product"}],"about":[{"href":"https:\/\/arduxop.com.br\/loja\/wp-json\/wp\/v2\/types\/product"}],"wp:featuredmedia":[{"embeddable":true,"href":"https:\/\/arduxop.com.br\/loja\/wp-json\/wp\/v2\/media\/17326"}],"wp:attachment":[{"href":"https:\/\/arduxop.com.br\/loja\/wp-json\/wp\/v2\/media?parent=1496"}],"wp:term":[{"taxonomy":"product_brand","embeddable":true,"href":"https:\/\/arduxop.com.br\/loja\/wp-json\/wp\/v2\/product_brand?post=1496"},{"taxonomy":"product_cat","embeddable":true,"href":"https:\/\/arduxop.com.br\/loja\/wp-json\/wp\/v2\/product_cat?post=1496"},{"taxonomy":"product_tag","embeddable":true,"href":"https:\/\/arduxop.com.br\/loja\/wp-json\/wp\/v2\/product_tag?post=1496"}],"curies":[{"name":"wp","href":"https:\/\/api.w.org\/{rel}","templated":true}]}}