{"id":1483,"date":"2018-01-16T11:26:30","date_gmt":"2018-01-16T13:26:30","guid":{"rendered":"https:\/\/arduxop.com.br\/loja\/produto\/arduino-pro-mini-atmega328p-16mhz-5v\/"},"modified":"2024-07-25T07:57:34","modified_gmt":"2024-07-25T11:57:34","slug":"arduino-pro-mini-atmega328p-16mhz-5v","status":"publish","type":"product","link":"https:\/\/arduxop.com.br\/loja\/produto\/arduino-pro-mini-atmega328p-16mhz-5v\/","title":{"rendered":"Arduino Pro Mini Atmega328p 16mhz 5v"},"content":{"rendered":"<p>O Arduino Pro Mini \u00e9 uma placa de microcontrolador baseado no ATmega328. Tem 14 pinos digitais de entrada\/sa\u00edda (dos quais 6 podem ser usados \u200b\u200bcomo sa\u00eddas PWM), 6 entradas anal\u00f3gicas, um ressonador on-board, um bot\u00e3o de reset, e furos para montagem de pinos. Um cabe\u00e7alho de seis pinos pode ser conectado a um cabo FTDI USB para fornecer energia e comunica\u00e7\u00e3o para o conselho.O Arduino Pro Mini \u00e9 destinado para instala\u00e7\u00e3o semi-permanente em objetos ou exposi\u00e7\u00f5es. A placa vem com cabe\u00e7alhos mas n\u00e3o pr\u00e9-soldadas, permitindo o uso de v\u00e1rios tipos de conectores ou de solda directa de fios. A pinagem \u00e9 compat\u00edvel com o Arduino Mini.Esta vers\u00e3o do Pro Mini funciona em 5V e 16 MHz.Caracter\u00edsticas:Utiliza Microcontrolador Atmel Atmega328P-AU14x Digital I\/O8x Entradas anal\u00f3gicas A0 a A7Portas PWM: D3,D5,D6,D9,D10,D11Suporta download serialEntrada DC 5V at\u00e9 12V (No Pino Raw\/Vin)Suporta Bateria\u00a0 de 9VFrequencia do clock: 16MHzSuporta Auto-resetDimens\u00f5es: 33.3mm X 18.0mm<\/p>\n","protected":false},"excerpt":{"rendered":"<p>O Arduino Pro Mini \u00e9 uma placa de microcontrolador baseado no ATmega328. Tem 14 pinos digitais de entrada\/sa\u00edda (dos quais 6 podem ser usados \u200b\u200bcomo sa\u00eddas PWM), 6 entradas anal\u00f3gicas, um ressonador on-board, um bot\u00e3o de reset, e furos para montagem de pinos. Um cabe\u00e7alho de seis pinos pode ser conectado a um cabo FTDI [&hellip;]<\/p>\n","protected":false},"featured_media":1484,"template":"","meta":[],"product_brand":[],"product_cat":[49,175],"product_tag":[],"class_list":{"0":"post-1483","1":"product","2":"type-product","3":"status-publish","4":"has-post-thumbnail","6":"product_cat-microprocessadores","7":"product_cat-placas","9":"entry","10":"has-media","12":"first","13":"outofstock","14":"sale","15":"purchasable","16":"product-type-simple","17":"has-product-nav","18":"col","19":"span_1_of_3","20":"owp-content-center","21":"owp-thumbs-layout-horizontal","22":"owp-btn-normal","23":"owp-tabs-layout-horizontal","24":"has-no-thumbnails"},"_links":{"self":[{"href":"https:\/\/arduxop.com.br\/loja\/wp-json\/wp\/v2\/product\/1483","targetHints":{"allow":["GET"]}}],"collection":[{"href":"https:\/\/arduxop.com.br\/loja\/wp-json\/wp\/v2\/product"}],"about":[{"href":"https:\/\/arduxop.com.br\/loja\/wp-json\/wp\/v2\/types\/product"}],"wp:featuredmedia":[{"embeddable":true,"href":"https:\/\/arduxop.com.br\/loja\/wp-json\/wp\/v2\/media\/1484"}],"wp:attachment":[{"href":"https:\/\/arduxop.com.br\/loja\/wp-json\/wp\/v2\/media?parent=1483"}],"wp:term":[{"taxonomy":"product_brand","embeddable":true,"href":"https:\/\/arduxop.com.br\/loja\/wp-json\/wp\/v2\/product_brand?post=1483"},{"taxonomy":"product_cat","embeddable":true,"href":"https:\/\/arduxop.com.br\/loja\/wp-json\/wp\/v2\/product_cat?post=1483"},{"taxonomy":"product_tag","embeddable":true,"href":"https:\/\/arduxop.com.br\/loja\/wp-json\/wp\/v2\/product_tag?post=1483"}],"curies":[{"name":"wp","href":"https:\/\/api.w.org\/{rel}","templated":true}]}}