{"id":1466,"date":"2018-01-16T11:25:59","date_gmt":"2018-01-16T14:25:59","guid":{"rendered":"https:\/\/arduxop.com.br\/loja\/produto\/fonte-ajustavel-protoboard-arduino-pic\/"},"modified":"2024-07-25T07:57:53","modified_gmt":"2024-07-25T11:57:53","slug":"fonte-ajustavel-protoboard-arduino-pic","status":"publish","type":"product","link":"https:\/\/arduxop.com.br\/loja\/produto\/fonte-ajustavel-protoboard-arduino-pic\/","title":{"rendered":"Fonte Ajust\u00e1vel para Protoboard"},"content":{"rendered":"<p><strong>Fonte Protoboard 400, 830 Furos 5v E 3,3v\u00a0<\/strong><\/p>\n<p>M\u00f3dulo Fonte de energia para Protoboard de 400 e 830 furos converte em 5V E 3,3V<\/p>\n<p>Facilita seus projetos e organiza a protoboard, evitando muitas liga\u00e7\u00f5es atrav\u00e9s de Jumpers<\/p>\n<p>Imagens ILUSTRATIVAS, o an\u00fancio \u00e9 apenas da fonte, a protoboard n\u00e3o acompanha e deve ser comprado a parte. Temos as duas.<br \/>\nN\u00e3o serve para protoboard menor de 400 furos.<\/p>\n<p>Esta fonte pode ser diretamente conectada a outra fonte DC ou sa\u00edda USB para converter sua tens\u00e3o para 5 e 3,3v. Isto permite um fornecimento ideal para projetos em geral devido a sua estrutura feita para encaixar em um protoboard.<\/p>\n<p>&#8211; Tens\u00e3o de entrada: 6,5 a 12 VDC ou por cabo USB<\/p>\n<p>&#8211; Tens\u00e3o de sa\u00edda: 3,5v e 5v<\/p>\n<p>&#8211; Corrente m\u00e1xima de sa\u00edda: 700mA<br \/>\n[youtube https:\/\/www.youtube.com\/watch?v=-nUF7SLoW28?rel=0]<\/p>\n","protected":false},"excerpt":{"rendered":"<p>Fonte Protoboard 400, 830 Furos 5v E 3,3v\u00a0 M\u00f3dulo Fonte de energia para Protoboard de 400 e 830 furos converte em 5V E 3,3V Facilita seus projetos e organiza a protoboard, evitando muitas liga\u00e7\u00f5es atrav\u00e9s de Jumpers Imagens ILUSTRATIVAS, o an\u00fancio \u00e9 apenas da fonte, a protoboard n\u00e3o acompanha e deve ser comprado a parte. [&hellip;]<\/p>\n","protected":false},"featured_media":2341,"template":"","meta":[],"product_brand":[],"product_cat":[185,50,194],"product_tag":[396],"class_list":{"0":"post-1466","1":"product","2":"type-product","3":"status-publish","4":"has-post-thumbnail","6":"product_cat-fontes","7":"product_cat-modulos","8":"product_cat-reguladores-de-tensao","9":"product_tag-protoboard","11":"entry","12":"has-media","14":"first","15":"outofstock","16":"purchasable","17":"product-type-simple","18":"has-product-nav","19":"col","20":"span_1_of_3","21":"owp-content-center","22":"owp-thumbs-layout-horizontal","23":"owp-btn-normal","24":"owp-tabs-layout-horizontal"},"_links":{"self":[{"href":"https:\/\/arduxop.com.br\/loja\/wp-json\/wp\/v2\/product\/1466","targetHints":{"allow":["GET"]}}],"collection":[{"href":"https:\/\/arduxop.com.br\/loja\/wp-json\/wp\/v2\/product"}],"about":[{"href":"https:\/\/arduxop.com.br\/loja\/wp-json\/wp\/v2\/types\/product"}],"wp:featuredmedia":[{"embeddable":true,"href":"https:\/\/arduxop.com.br\/loja\/wp-json\/wp\/v2\/media\/2341"}],"wp:attachment":[{"href":"https:\/\/arduxop.com.br\/loja\/wp-json\/wp\/v2\/media?parent=1466"}],"wp:term":[{"taxonomy":"product_brand","embeddable":true,"href":"https:\/\/arduxop.com.br\/loja\/wp-json\/wp\/v2\/product_brand?post=1466"},{"taxonomy":"product_cat","embeddable":true,"href":"https:\/\/arduxop.com.br\/loja\/wp-json\/wp\/v2\/product_cat?post=1466"},{"taxonomy":"product_tag","embeddable":true,"href":"https:\/\/arduxop.com.br\/loja\/wp-json\/wp\/v2\/product_tag?post=1466"}],"curies":[{"name":"wp","href":"https:\/\/api.w.org\/{rel}","templated":true}]}}