{"id":1459,"date":"2018-01-16T11:25:59","date_gmt":"2018-01-16T13:25:59","guid":{"rendered":"https:\/\/arduxop.com.br\/loja\/produto\/esp-8266-ex-ai-thinker\/"},"modified":"2024-07-25T07:57:53","modified_gmt":"2024-07-25T11:57:53","slug":"esp-8266-ex-ai-thinker","status":"publish","type":"product","link":"https:\/\/arduxop.com.br\/loja\/produto\/esp-8266-ex-ai-thinker\/","title":{"rendered":"Kit Esp8266 Esp12 Wifi IOT"},"content":{"rendered":"<p>Kit Esp8266 Esp12 Wifi IOT<\/p>\n<p>Placa de teste Arduino ESP8266 EX Ai-Thinker ESP8266 solu\u00e7\u00e3o completa para internet das coisas IOT. Caracter\u00edsticas b\u00e1sicas: ESP8266 solu\u00e7ao completa para internet das coisas IOT. ,<\/p>\n<p>http:\/\/www.esp8266.com\/<\/p>\n<p>Cada m\u00f3dulo ESP8266 vem pr\u00e9-programado com um conjunto de comandos AT firmware, ou seja, voc\u00ea pode simplesmente ligar isso ao seu dispositivo Arduino e obter cerca de tanta WiFi-habilidade como WiFi Protetor ofertas (e isso \u00e9 apenas fora da caixa)!<\/p>\n<p>O m\u00f3dulo ESP8266 \u00e9 de baixo\u00a0custo e eficaz com uma comunidade enorme, e crescente. H\u00e1 uma fonte quase ilimitada de informa\u00e7\u00f5es dispon\u00edveis para o ESP8266, fornecidas pelo apoio da\u00a0incr\u00edvel\u00a0comunidade de desenvolvedores.<\/p>\n<p>Na se\u00e7\u00e3o\u00a0Documentos\u00a0abaixo voc\u00ea vai encontrar muitos recursos para ajudar voc\u00ea a usar o ESP8266, at\u00e9 mesmo instru\u00e7\u00f5es sobre como transformar esse m\u00f3dulo em uma\u00a0\u00a0solu\u00e7\u00e3o\u00a0Internet das coisas (Internet of Things)!<\/p>\n<p>Nota:\u00a0O M\u00f3dulo ESP8266 n\u00e3o aceita \u00a05-3V l\u00f3gica e nescessario\u00a0um conversor de nivel logico para\u00a03.3V\u00a0.\u00a0Por favor, n\u00e3o lig\u00e1-lo diretamente a\u00a05V.<\/p>\n<p>Documentos\u00a0(ingl\u00eas) Site oficial Firmware Alternativo (Lua) Data Sheet F\u00f3rum de discuss\u00e3o Mais detatalhes Tabela comandos AT (vers\u00e3o 0.9.1) Caracteristicas do ESP8266: 802.11 b\/g\/n Wi-Fi Direct (P2P), soft-AP Integrated TCP\/IP protocol stack Integrated TR switch, balun, LNA, power amplifier and matching network Integrated PLLs, regulators, DCXO and power management units +19.5dBm output power in 802.11b mode Power down leakage current of &lt;10uA Integrated low power 32-bit CPU could be used as application processor SDIO 1.1 \/ 2.0, SPI, UART STBC, 1\u00d71 MIMO, 2\u00d71 MIMO A-MPDU &amp; A-MSDU aggregation &amp; 0.4ms guard interval Wake up and transmit packets in &lt; 2ms Standby power consumption of &lt; 1.0mW (DTIM3) Documents: NURDspace Wiki\u00a0(Schematic, Datasheet, &amp; More!)<\/p>\n<p>Instructables Tutorial ESP8266 Community Forum AT Command Set GitHub\u00a0(ESP8266) GitHub\u00a0(GCC-Xtensa)<\/p>\n","protected":false},"excerpt":{"rendered":"<p>Kit Esp8266 Esp12 Wifi IOT Placa de teste Arduino ESP8266 EX Ai-Thinker ESP8266 solu\u00e7\u00e3o completa para internet das coisas IOT. Caracter\u00edsticas b\u00e1sicas: ESP8266 solu\u00e7ao completa para internet das coisas IOT. , http:\/\/www.esp8266.com\/ Cada m\u00f3dulo ESP8266 vem pr\u00e9-programado com um conjunto de comandos AT firmware, ou seja, voc\u00ea pode simplesmente ligar isso ao seu dispositivo Arduino [&hellip;]<\/p>\n","protected":false},"featured_media":1460,"template":"","meta":[],"product_brand":[],"product_cat":[210,48,180],"product_tag":[279,276,278],"class_list":{"0":"post-1459","1":"product","2":"type-product","3":"status-publish","4":"has-post-thumbnail","6":"product_cat-comunicacoes","7":"product_cat-kits","8":"product_cat-wifi","9":"product_tag-802-11","10":"product_tag-esp8266","11":"product_tag-wifi","13":"entry","14":"has-media","16":"first","17":"instock","18":"purchasable","19":"product-type-simple","20":"has-product-nav","21":"col","22":"span_1_of_3","23":"owp-content-center","24":"owp-thumbs-layout-horizontal","25":"owp-btn-normal","26":"owp-tabs-layout-horizontal"},"_links":{"self":[{"href":"https:\/\/arduxop.com.br\/loja\/wp-json\/wp\/v2\/product\/1459","targetHints":{"allow":["GET"]}}],"collection":[{"href":"https:\/\/arduxop.com.br\/loja\/wp-json\/wp\/v2\/product"}],"about":[{"href":"https:\/\/arduxop.com.br\/loja\/wp-json\/wp\/v2\/types\/product"}],"wp:featuredmedia":[{"embeddable":true,"href":"https:\/\/arduxop.com.br\/loja\/wp-json\/wp\/v2\/media\/1460"}],"wp:attachment":[{"href":"https:\/\/arduxop.com.br\/loja\/wp-json\/wp\/v2\/media?parent=1459"}],"wp:term":[{"taxonomy":"product_brand","embeddable":true,"href":"https:\/\/arduxop.com.br\/loja\/wp-json\/wp\/v2\/product_brand?post=1459"},{"taxonomy":"product_cat","embeddable":true,"href":"https:\/\/arduxop.com.br\/loja\/wp-json\/wp\/v2\/product_cat?post=1459"},{"taxonomy":"product_tag","embeddable":true,"href":"https:\/\/arduxop.com.br\/loja\/wp-json\/wp\/v2\/product_tag?post=1459"}],"curies":[{"name":"wp","href":"https:\/\/api.w.org\/{rel}","templated":true}]}}