{"id":1450,"date":"2018-01-16T11:25:59","date_gmt":"2018-01-16T14:25:59","guid":{"rendered":"https:\/\/arduxop.com.br\/loja\/produto\/modulo-sensor-de-umidade-sensor-automatico-de-rega-arduino\/"},"modified":"2024-07-25T07:57:54","modified_gmt":"2024-07-25T11:57:54","slug":"modulo-sensor-de-umidade-sensor-automatico-de-rega-arduino","status":"publish","type":"product","link":"https:\/\/arduxop.com.br\/loja\/produto\/modulo-sensor-de-umidade-sensor-automatico-de-rega-arduino\/","title":{"rendered":"Sensor De Umidade do Solo"},"content":{"rendered":"<p>Modulo sensor de umidade do solo sensor autom\u00e1tico de rega de plantas inteligente para arduino<\/p>\n<p>Este modulo pode ser ligado diretamente ao seu arduino!<\/p>\n<p>Facilidade na montagem!<\/p>\n<p>Praticidade em seus testes!<\/p>\n<p>Descri\u00e7\u00e3o<\/p>\n<p>Este \u00e9 um moddulo sensor de humidade simples pode ser usado para testar a humidade do solo,<\/p>\n<p>Quando ha escassez de \u00e1gua no solo (seco), a sa\u00edda do m\u00f3dulo fica um n\u00edvel ALTO.<\/p>\n<p>Utilize este sensor para fazer uma rega autom\u00e1tica do seu vazo de flores, ou suas plantas do jardim n\u00e3o precisa de supervisao.<\/p>\n<p>Sensibilidade ajust\u00e1vel (controle potenci\u00f4metro azul)<\/p>\n<p>Tens\u00e3o de funcionamento de 3,3 v-5 V<\/p>\n<p>M\u00f3dulo de modo de sa\u00edda dupla, sa\u00edda digital \u00e9 simples, sa\u00edda anal\u00f3gica mais preciso.<\/p>\n<p>Furo passante fixo, facilidae de instala\u00e7\u00e3oPequeno placa pcb: 3 cm * 1,6 cmLed indicador de alimenta\u00e7\u00e3o (vermelho) e luz de sa\u00edda comutador digital (verde)<\/p>\n<p>Comparador o lm393, a estabilidade trabalho<\/p>\n<p>Placa Especifica\u00e7\u00f5es de interface (4 fios)1 VCC externa 3,3 v-5 V2 GND GND externo3 Interface de sa\u00edda digital (0 e 1)4 Interface de sa\u00edda anal\u00f3gica AO<\/p>\n<p>Instru\u00e7\u00f5esM\u00f3dulo de umidade do solo, geralmente usado para detectar a umidade do solo.O m\u00f3dulo de umidade do solo n\u00e3o deve ser ajustado para o valor limite do ajuste, sa\u00edda de alto n\u00edvel,<\/p>\n<p>Quando a umidade do solo mais do que o valor limite do ajuste, m\u00f3dulo de sa\u00edda<\/p>\n<p>D0 baixo n\u00edvel;Sa\u00edda digital D0 pode ser conectado diretamente com o microcomtroladorA sa\u00edda digital do pode acionar diretamente o m\u00f3dulo de rel\u00e9, m\u00f3dulo de campainha,<\/p>\n<p>Que pode formar um equipamento de alarme de umidade do solo;<\/p>\n<p>A sa\u00edda anal\u00f3gica m\u00f3dulo AO e Ad podem ser ligados entre si, atrav\u00e9s da convers\u00e3o AD,<\/p>\n<p>Pode obter a umidade do solo num\u00e9rica mais precisa;<\/p>\n","protected":false},"excerpt":{"rendered":"<p>M\u00f3dulo Sensor De Umidade Sensor Autom\u00e1tico De Rega Arduino<\/p>\n","protected":false},"featured_media":1451,"template":"","meta":[],"product_brand":[],"product_cat":[50,178],"product_tag":[468],"class_list":{"0":"post-1450","1":"product","2":"type-product","3":"status-publish","4":"has-post-thumbnail","6":"product_cat-modulos","7":"product_cat-sensores","8":"product_tag-umidade-do-solo","10":"entry","11":"has-media","13":"first","14":"instock","15":"featured","16":"purchasable","17":"product-type-simple","18":"has-product-nav","19":"col","20":"span_1_of_3","21":"owp-content-center","22":"owp-thumbs-layout-horizontal","23":"owp-btn-normal","24":"owp-tabs-layout-horizontal"},"_links":{"self":[{"href":"https:\/\/arduxop.com.br\/loja\/wp-json\/wp\/v2\/product\/1450","targetHints":{"allow":["GET"]}}],"collection":[{"href":"https:\/\/arduxop.com.br\/loja\/wp-json\/wp\/v2\/product"}],"about":[{"href":"https:\/\/arduxop.com.br\/loja\/wp-json\/wp\/v2\/types\/product"}],"wp:featuredmedia":[{"embeddable":true,"href":"https:\/\/arduxop.com.br\/loja\/wp-json\/wp\/v2\/media\/1451"}],"wp:attachment":[{"href":"https:\/\/arduxop.com.br\/loja\/wp-json\/wp\/v2\/media?parent=1450"}],"wp:term":[{"taxonomy":"product_brand","embeddable":true,"href":"https:\/\/arduxop.com.br\/loja\/wp-json\/wp\/v2\/product_brand?post=1450"},{"taxonomy":"product_cat","embeddable":true,"href":"https:\/\/arduxop.com.br\/loja\/wp-json\/wp\/v2\/product_cat?post=1450"},{"taxonomy":"product_tag","embeddable":true,"href":"https:\/\/arduxop.com.br\/loja\/wp-json\/wp\/v2\/product_tag?post=1450"}],"curies":[{"name":"wp","href":"https:\/\/api.w.org\/{rel}","templated":true}]}}