{"id":1440,"date":"2018-01-16T11:25:59","date_gmt":"2018-01-16T13:25:59","guid":{"rendered":"https:\/\/arduxop.com.br\/loja\/produto\/higrometro-sensor-de-umidade-hr202l\/"},"modified":"2024-07-25T07:57:56","modified_gmt":"2024-07-25T11:57:56","slug":"higrometro-sensor-de-umidade-hr202l","status":"publish","type":"product","link":"https:\/\/arduxop.com.br\/loja\/produto\/higrometro-sensor-de-umidade-hr202l\/","title":{"rendered":"Sensor De Temperatura e Umidade Hr202"},"content":{"rendered":"<div>\n<div><u><strong>Especifica\u00e7\u00e3o t\u00e9cnica<\/strong><\/u><\/div>\n<div>unidade: ohm<\/div>\n<div>faixa de trabalho: 20 ~ 95% RH de 0 ~ 60 Graus Celsius<\/div>\n<div>tens\u00e3o de alimenta\u00e7\u00e3o: 1.5 V AC (onda senoidal Max)<\/div>\n<div>freq\u00fc\u00eancia de opera\u00e7\u00e3o: 500Hz ~ 2 kHz<\/div>\n<div><span>pot\u00eancia nominal: 0.2 mW (onda senoidal Max)<\/span><\/div>\n<div>valor central: (at25Celsius1 kHz 1 V AC 60% onda senoidal RH) 31.0k \u03a9<\/div>\n<div>faixa de imped\u00e2ncia: (at25Celsius1 kHz 1 V AC 60% onda senoidal RH) 19.8 ~ 50.2k \u03a9<\/div>\n<div>a precis\u00e3o da detec\u00e7\u00e3o de umidade: \u00b1 5% RH<\/div>\n<div><\/div>\n<div><u><strong>aplica\u00e7\u00e3o<\/strong><\/u><\/div>\n<div>Display de temperatura e medidor de umidade, temperatura e umidade mesa de presente, monitoramento ambiental atmosf\u00e9rica, controle de processos industriais, agricultura, instrumentos de medi\u00e7\u00e3o e outras aplica\u00e7\u00f5es.<\/div>\n<\/div>\n<p>&nbsp;<\/p>\n<p align=\"center\">\n","protected":false},"excerpt":{"rendered":"<p>Especifica\u00e7\u00e3o t\u00e9cnica unidade: ohm faixa de trabalho: 20 ~ 95% RH de 0 ~ 60 Graus Celsius tens\u00e3o de alimenta\u00e7\u00e3o: 1.5 V AC (onda senoidal Max) freq\u00fc\u00eancia de opera\u00e7\u00e3o: 500Hz ~ 2 kHz pot\u00eancia nominal: 0.2 mW (onda senoidal Max) valor central: (at25Celsius1 kHz 1 V AC 60% onda senoidal RH) 31.0k \u03a9 faixa de [&hellip;]<\/p>\n","protected":false},"featured_media":1441,"template":"","meta":[],"product_brand":[],"product_cat":[178],"product_tag":[],"class_list":{"0":"post-1440","1":"product","2":"type-product","3":"status-publish","4":"has-post-thumbnail","6":"product_cat-sensores","8":"entry","9":"has-media","11":"first","12":"instock","13":"sale","14":"purchasable","15":"product-type-simple","16":"has-product-nav","17":"col","18":"span_1_of_3","19":"owp-content-center","20":"owp-thumbs-layout-horizontal","21":"owp-btn-normal","22":"owp-tabs-layout-horizontal"},"_links":{"self":[{"href":"https:\/\/arduxop.com.br\/loja\/wp-json\/wp\/v2\/product\/1440","targetHints":{"allow":["GET"]}}],"collection":[{"href":"https:\/\/arduxop.com.br\/loja\/wp-json\/wp\/v2\/product"}],"about":[{"href":"https:\/\/arduxop.com.br\/loja\/wp-json\/wp\/v2\/types\/product"}],"wp:featuredmedia":[{"embeddable":true,"href":"https:\/\/arduxop.com.br\/loja\/wp-json\/wp\/v2\/media\/1441"}],"wp:attachment":[{"href":"https:\/\/arduxop.com.br\/loja\/wp-json\/wp\/v2\/media?parent=1440"}],"wp:term":[{"taxonomy":"product_brand","embeddable":true,"href":"https:\/\/arduxop.com.br\/loja\/wp-json\/wp\/v2\/product_brand?post=1440"},{"taxonomy":"product_cat","embeddable":true,"href":"https:\/\/arduxop.com.br\/loja\/wp-json\/wp\/v2\/product_cat?post=1440"},{"taxonomy":"product_tag","embeddable":true,"href":"https:\/\/arduxop.com.br\/loja\/wp-json\/wp\/v2\/product_tag?post=1440"}],"curies":[{"name":"wp","href":"https:\/\/api.w.org\/{rel}","templated":true}]}}