{"id":1430,"date":"2018-01-16T11:25:59","date_gmt":"2018-01-16T13:25:59","guid":{"rendered":"https:\/\/arduxop.com.br\/loja\/produto\/digispark-kickstarter-arduino-placa-usb-attiny\/"},"modified":"2024-07-25T07:57:50","modified_gmt":"2024-07-25T11:57:50","slug":"digispark-kickstarter-arduino-placa-usb-attiny","status":"publish","type":"product","link":"https:\/\/arduxop.com.br\/loja\/produto\/digispark-kickstarter-arduino-placa-usb-attiny\/","title":{"rendered":"Placa Usb Attiny85"},"content":{"rendered":"<p>O M\u00f3dulo Digispark Attiny85 Para Arduino \u00e9 para usuarios ja acostumados a usar o ARDUINO, ele nescessita de instala\u00e7\u00e3o de drivers como pode ser visto no tutorial deste site ,<\/p>\n<p><a href=\"http:\/\/digistump.com\/wiki\/digispark\/tutorials\/connecting\">http:\/\/digistump.com\/wiki\/digispark\/tutorials\/connecting<\/a><\/p>\n<p>Especifica\u00e7\u00f5es:Suporte para o IDE 1,0 + (OSX\/Win\/Linux)<br \/>\nAlimenta\u00e7\u00e3o via USB ou fonte externa-5 V ou 7-35 V (sele\u00e7\u00e3o autom\u00e1tica)<\/p>\n<p>On-board 500mA 5 V reguladorBuilt-in USB (e depura\u00e7\u00e3o serial)6 I\/o Pins (2 s\u00e3o usados para USB apenas se o programa se comunica atrav\u00e9s de USB,<br \/>\nCaso contr\u00e1rio, voc\u00ea pode usar todos os 6, mesmo se voc\u00ea est\u00e1 programando via USB)<\/p>\n<p>8 K de mem\u00f3ria flash (cerca de 6 k depois bootloader)<\/p>\n<p>I2C e SPI (vis USI)PWM em 3pinos (mais poss\u00edveis com PWM Software)<\/p>\n<p>ADC em 4pinosLED de energia e teste LED Status\/(em Pin0)<\/p>\n<p class=\"responsive-video-wrap clr\"><iframe title=\"Introduction to Digispark ATtiny mini arduino board - instalation tutorial\" width=\"1200\" height=\"675\" src=\"https:\/\/www.youtube.com\/embed\/UrjxYJy_b0g?feature=oembed\" frameborder=\"0\" allow=\"accelerometer; autoplay; clipboard-write; encrypted-media; gyroscope; picture-in-picture\" allowfullscreen><\/iframe><\/p>\n","protected":false},"excerpt":{"rendered":"<p class=\"product_title entry-title\">Digispark Kickstarter Arduino Placa Usb Attiny85<\/p>\n","protected":false},"featured_media":1431,"template":"","meta":[],"product_brand":[],"product_cat":[48,49],"product_tag":[],"class_list":{"0":"post-1430","1":"product","2":"type-product","3":"status-publish","4":"has-post-thumbnail","6":"product_cat-kits","7":"product_cat-microprocessadores","9":"entry","10":"has-media","12":"first","13":"instock","14":"sold-individually","15":"purchasable","16":"product-type-simple","17":"has-product-nav","18":"col","19":"span_1_of_3","20":"owp-content-center","21":"owp-thumbs-layout-horizontal","22":"owp-btn-normal","23":"owp-tabs-layout-horizontal"},"_links":{"self":[{"href":"https:\/\/arduxop.com.br\/loja\/wp-json\/wp\/v2\/product\/1430","targetHints":{"allow":["GET"]}}],"collection":[{"href":"https:\/\/arduxop.com.br\/loja\/wp-json\/wp\/v2\/product"}],"about":[{"href":"https:\/\/arduxop.com.br\/loja\/wp-json\/wp\/v2\/types\/product"}],"wp:featuredmedia":[{"embeddable":true,"href":"https:\/\/arduxop.com.br\/loja\/wp-json\/wp\/v2\/media\/1431"}],"wp:attachment":[{"href":"https:\/\/arduxop.com.br\/loja\/wp-json\/wp\/v2\/media?parent=1430"}],"wp:term":[{"taxonomy":"product_brand","embeddable":true,"href":"https:\/\/arduxop.com.br\/loja\/wp-json\/wp\/v2\/product_brand?post=1430"},{"taxonomy":"product_cat","embeddable":true,"href":"https:\/\/arduxop.com.br\/loja\/wp-json\/wp\/v2\/product_cat?post=1430"},{"taxonomy":"product_tag","embeddable":true,"href":"https:\/\/arduxop.com.br\/loja\/wp-json\/wp\/v2\/product_tag?post=1430"}],"curies":[{"name":"wp","href":"https:\/\/api.w.org\/{rel}","templated":true}]}}