{"id":1386,"date":"2018-01-16T11:25:36","date_gmt":"2018-01-16T14:25:36","guid":{"rendered":"https:\/\/arduxop.com.br\/loja\/produto\/rele-de-10a-duplo-independentes\/"},"modified":"2026-02-03T13:26:52","modified_gmt":"2026-02-03T17:26:52","slug":"rele-de-10a-duplo-independentes","status":"publish","type":"product","link":"https:\/\/arduxop.com.br\/loja\/produto\/rele-de-10a-duplo-independentes\/","title":{"rendered":"M\u00f3dulo Rele 2 Canais"},"content":{"rendered":"<div class=\"bc_line clearfix\"><\/div>\n<div id=\"more_info_block\" class=\"clear box0\">\n<div id=\"more_info_sheets\" class=\"sheets align_justify\">\n<div id=\"idTab1\" class=\"rte content_hide_show\">\n<div>&#8211; O\u00a0<strong>M\u00f3dulo Rel\u00e9 5V\u00a0<\/strong>2\u00a0Canais P2\u00a0\u00e9 um m\u00f3dulo de acionamento que permite integra\u00e7\u00e3o com um grande n\u00famero de sistemas microcontroladores, dentre estes: Arduino, AVR, PIC, ARM, Raspberry PI, etc.<\/div>\n<div>&#8211; Por meio desta placa de acionamento (\u00a0<strong>m\u00f3dulo rel\u00e9 5V<\/strong>\u00a0) \u00e9 poss\u00edvel controlar 2\u00a0dispositivos de corrente alternada, de at\u00e9 10A, como, por exemplo, l\u00e2mpadas, port\u00f5es eletr\u00f4nicos, ventiladores, etc.<\/div>\n<div>&#8211; Mais precisamente, o\u00a0<strong>M\u00f3dulo Rel\u00e9 5V\u00a0<\/strong>2\u00a0Canais P2\u00a0auxilia no desenvolvimento de casas futuristas ( projetos dom\u00f3ticos ) onde \u00e9 poss\u00edvel o acionamento de sistemas eletr\u00f4nicos por meio de um aplicativo para smartphone. Podendo o sistema ser utilizado em conjunto com o ethernet shield, em que \u00e9 poss\u00edvel controlar aparelhos el\u00e9tricos via internet.<\/div>\n<div>&#8211; O\u00a0<strong>M\u00f3dulo Rel\u00e9 5V<\/strong>\u00a0P2 possui 2\u00a0rel\u00e9s, os quais permitem sua aplica\u00e7\u00e3o em 2\u00a0sistemas independentes, ou seja, pode ser utilizado para acionamento de 1 motor e\u00a01 l\u00e2mpada, ou o que lhe for mais conveniente. E sem precisar montar complicados circuitos, j\u00e1 que essa placa tem praticamente tudo o que \u00e9 necess\u00e1rio.<\/div>\n<p><a name=\"caract\"><\/a><\/p>\n<p><span id=\"product_carac\"><b class=\"product_title_interno\">CARACTER\u00cdSTICAS:<\/b><br \/>\n&#8211; M\u00f3dulo Rel\u00e9 5V 2\u00a0Canais;<br \/>\n&#8211; Compat\u00edvel com Arduino, AVR, PIC, ARM, Raspberry PI, etc.;<br \/>\n&#8211; Controle AC\/DC;<br \/>\n&#8211; LED indicador de status;<br \/>\n&#8211; Perfura\u00e7\u00e3o para fixa\u00e7\u00e3o da placa;<br \/>\n&#8211; Documenta\u00e7\u00e3o: <em><a href=\"http:\/\/www.usinainfo.com.br\/index.php?controller=attachment&amp;id_attachment=299\" target=\"_blank\" rel=\"noopener noreferrer\">Download AQUI<\/a><\/em>.<\/span><\/p>\n<p><span id=\"product_specification\"><b class=\"product_title_interno\">ESPECIFICA\u00c7\u00d5ES:<\/b><br \/>\n&#8211; Modelo:\u00a0P2;<br \/>\n&#8211; Carga nominal: 10A 250VAC\/ 10A 125VAC\/ 10A 30VDC;<br \/>\n&#8211; Tens\u00e3o de opera\u00e7\u00e3o: 5VDC (VCC e GND);<br \/>\n&#8211; Corrente t\u00edpica de opera\u00e7\u00e3o: 15~20mA;<br \/>\n&#8211; Tempo de resposta: 5~10ms;<br \/>\n&#8211; Tens\u00e3o de sinal: TTL 5VCD (IN);<br \/>\n&#8211; Sa\u00eddas: Contato revers\u00edvel NA (normal aberto), NF (normal fechado), C (comum);<br \/>\n&#8211; Corrente por canal: at\u00e9 10A;<br \/>\n&#8211; Dimens\u00f5es (CxLxA): 56x35x18mm;<br \/>\n&#8211; Peso: 33g.<\/span><\/p>\n<\/div>\n<\/div>\n<\/div>\n","protected":false},"excerpt":{"rendered":"<p>&#8211; O\u00a0M\u00f3dulo Rel\u00e9 5V\u00a02\u00a0Canais P2\u00a0\u00e9 um m\u00f3dulo de acionamento que permite integra\u00e7\u00e3o com um grande n\u00famero de sistemas microcontroladores, dentre estes: Arduino, AVR, PIC, ARM, Raspberry PI, etc. &#8211; Por meio desta placa de acionamento (\u00a0m\u00f3dulo rel\u00e9 5V\u00a0) \u00e9 poss\u00edvel controlar 2\u00a0dispositivos de corrente alternada, de at\u00e9 10A, como, por exemplo, l\u00e2mpadas, port\u00f5es eletr\u00f4nicos, ventiladores, [&hellip;]<\/p>\n","protected":false},"featured_media":2381,"template":"","meta":[],"product_brand":[],"product_cat":[177],"product_tag":[],"class_list":{"0":"post-1386","1":"product","2":"type-product","3":"status-publish","4":"has-post-thumbnail","6":"product_cat-reles","8":"entry","9":"has-media","11":"first","12":"instock","13":"purchasable","14":"product-type-simple","15":"has-product-nav","16":"col","17":"span_1_of_3","18":"owp-content-center","19":"owp-thumbs-layout-horizontal","20":"owp-btn-normal","21":"owp-tabs-layout-horizontal"},"_links":{"self":[{"href":"https:\/\/arduxop.com.br\/loja\/wp-json\/wp\/v2\/product\/1386","targetHints":{"allow":["GET"]}}],"collection":[{"href":"https:\/\/arduxop.com.br\/loja\/wp-json\/wp\/v2\/product"}],"about":[{"href":"https:\/\/arduxop.com.br\/loja\/wp-json\/wp\/v2\/types\/product"}],"wp:featuredmedia":[{"embeddable":true,"href":"https:\/\/arduxop.com.br\/loja\/wp-json\/wp\/v2\/media\/2381"}],"wp:attachment":[{"href":"https:\/\/arduxop.com.br\/loja\/wp-json\/wp\/v2\/media?parent=1386"}],"wp:term":[{"taxonomy":"product_brand","embeddable":true,"href":"https:\/\/arduxop.com.br\/loja\/wp-json\/wp\/v2\/product_brand?post=1386"},{"taxonomy":"product_cat","embeddable":true,"href":"https:\/\/arduxop.com.br\/loja\/wp-json\/wp\/v2\/product_cat?post=1386"},{"taxonomy":"product_tag","embeddable":true,"href":"https:\/\/arduxop.com.br\/loja\/wp-json\/wp\/v2\/product_tag?post=1386"}],"curies":[{"name":"wp","href":"https:\/\/api.w.org\/{rel}","templated":true}]}}