{"id":1381,"date":"2018-01-16T11:25:36","date_gmt":"2018-01-16T13:25:36","guid":{"rendered":"https:\/\/arduxop.com.br\/loja\/produto\/sensor-de-tempratura-com-ntc\/"},"modified":"2024-07-25T07:58:05","modified_gmt":"2024-07-25T11:58:05","slug":"sensor-de-tempratura-com-ntc","status":"publish","type":"product","link":"https:\/\/arduxop.com.br\/loja\/produto\/sensor-de-tempratura-com-ntc\/","title":{"rendered":"Sensor de Temperatura com NTC"},"content":{"rendered":"<p>Este projeto pode ser montado substituindo o termistor, o resistor de 10k ohms e a protoboard pelo m\u00f3dulo P10-Sensor de Temperatura com NTC da GBK Robotics, neste caso: a. Conecte o pino GND do Arduino ao pino GND do m\u00f3dulo P10; b. Conecte o pino 5V do Arduino ao pino +5Vcc do m\u00f3dulo P10; c. Conecte o pino A0 do Arduino ao pino Sinal-A do m\u00f3dulo P10.<\/p>\n<p>Para usar este codigo de exemplo e necessario utilizar a biblioteca Thermistor.h<\/p>\n<p>Codigo de Exemplo:<\/p>\n<p>\/*<br \/>\nM\u00d3DULO SENSOR TEMPERATURA com TERMISTOR NTC de 10K. Liga-se o pino Sinal do m\u00f3dulo em uma porta anal\u00f3gica do Arduino como exemplo A0), o pino positivo no 5V e o pino negativo<br \/>\nno GND.<br \/>\nO M\u00f3dulo Sensor de Temperatura possui escalas de leitura de -55 a 125\u00b0C, com uma precis\u00e3o de 1,5\u00b0C. Este M\u00f3dulo utiliza<br \/>\num termistor, que retorna a temperatura ambiente sob a forma de um valor de resist\u00eancia, o qual \u00e9 ent\u00e3o usado para alterar a tens\u00e3o Vcc (5V), onde essa altera\u00e7\u00e3o medida na tens\u00e3o \u00e9 convertida atrav\u00e9s de um pino de entrada anal\u00f3gica do Arduino para a temperatura correspondente, com sensibilidade de 10mV a cada grau Celsius de temperatura.<br \/>\n*\/<br \/>\n\/\/\/\/\/\/\/\/\/\/\/\/\/\/\/\/\/\/\/\/\/\/\/\/\/\/\/\/\/\/\/\/\/\/\/<\/p>\n<p>\/\/ INICIALIZA\u00c7\u00c3O DAS BIBLIOTECAS \/\/<\/p>\n<p>\/\/\/\/\/\/\/\/\/\/\/\/\/\/\/\/\/\/\/\/\/\/\/\/\/\/\/\/\/\/\/\/\/\/\/<\/p>\n<p>#include \/\/inicializa a biblioteca respons\u00e1vel por realizar<\/p>\n<p>\/\/os c\u00e1lculos de convers\u00e3o da temperatura,<\/p>\n<p>\/\/considerando um termistor de 10K. Caso possua outro<\/p>\n<p>\/\/valor de termistor, ser\u00e1 necess\u00e1rio abrir o arquivo<\/p>\n<p>\/\/Thermistor.cpp da biblioteca e fazer as devidas<\/p>\n<p>\/\/altera\u00e7\u00f5es no valor da vari\u00e1vel<\/p>\n<p>\/\/\/\/\/\/\/\/\/\/\/\/\/\/\/\/\/\/\/\/\/\/\/\/\/\/\/\/\/\/\/\/\/<\/p>\n<p>\/\/ INICIALIZA\u00c7\u00c3O DAS VARI\u00c1VEIS \/\/<\/p>\n<p>\/\/\/\/\/\/\/\/\/\/\/\/\/\/\/\/\/\/\/\/\/\/\/\/\/\/\/\/\/\/\/\/\/<\/p>\n<p>Thermistor temp(0); \/\/cria vari\u00e1vel do tipo Thermistor para ler o pino<\/p>\n<p>\/\/de entrada anal\u00f3gido (A0) do Arduino<\/p>\n<p>float temperatura; \/\/vari\u00e1vel para armazenar o valor da temperatura<\/p>\n<p>\/\/ap\u00f3s a convers\u00e3o do valor anal\u00f3gico lido<\/p>\n<p>\/\/\/\/\/\/\/\/\/\/\/<\/p>\n<p>\/\/ SETUP \/\/<\/p>\n<p>\/\/\/\/\/\/\/\/\/\/\/<\/p>\n<p>void setup()<\/p>\n<p>{<\/p>\n<p>Serial.begin(9600); \/\/setando a comunica\u00e7\u00e3o via porta<\/p>\n<p>\/\/serial \u00e0 uma velocidade de<\/p>\n<p>\/\/9600bps(baud)<\/p>\n<p>}<\/p>\n<p>\/\/\/\/\/\/\/\/\/\/\/<\/p>\n<p>\/\/ LOOP \/\/<\/p>\n<p>\/\/\/\/\/\/\/\/\/\/\/<\/p>\n<p>void loop()<\/p>\n<p>{<\/p>\n<p>temperatura = temp.getTemp();<\/p>\n<p>Serial.print(\u201cTemperatura = \u201c); \/\/imprime a palavra Temperatura =<\/p>\n<p>Serial.print(temperatura); \/\/imprime a temperatura na tela<\/p>\n<p>Serial.println(\u201cC\u201d); \/\/imprime \u201c\u00b0C\u201d e salta uma linha<\/p>\n<p>delay(1000); \/\/aguarda por 1s para a pr\u00f3xima leitura de temperatura.<\/p>\n<p>}<\/p>\n","protected":false},"excerpt":{"rendered":"<p>Este projeto pode ser montado substituindo o termistor, o resistor de 10k ohms e a protoboard pelo m\u00f3dulo P10-Sensor de Temperatura com NTC da GBK Robotics, neste caso: a. Conecte o pino GND do Arduino ao pino GND do m\u00f3dulo P10; b. Conecte o pino 5V do Arduino ao pino +5Vcc do m\u00f3dulo P10; c. [&hellip;]<\/p>\n","protected":false},"featured_media":1382,"template":"","meta":[],"product_brand":[],"product_cat":[178],"product_tag":[270,269],"class_list":{"0":"post-1381","1":"product","2":"type-product","3":"status-publish","4":"has-post-thumbnail","6":"product_cat-sensores","7":"product_tag-ntc","8":"product_tag-temperatura","10":"entry","11":"has-media","13":"first","14":"instock","15":"purchasable","16":"product-type-simple","17":"has-product-nav","18":"col","19":"span_1_of_3","20":"owp-content-center","21":"owp-thumbs-layout-horizontal","22":"owp-btn-normal","23":"owp-tabs-layout-horizontal"},"_links":{"self":[{"href":"https:\/\/arduxop.com.br\/loja\/wp-json\/wp\/v2\/product\/1381","targetHints":{"allow":["GET"]}}],"collection":[{"href":"https:\/\/arduxop.com.br\/loja\/wp-json\/wp\/v2\/product"}],"about":[{"href":"https:\/\/arduxop.com.br\/loja\/wp-json\/wp\/v2\/types\/product"}],"wp:featuredmedia":[{"embeddable":true,"href":"https:\/\/arduxop.com.br\/loja\/wp-json\/wp\/v2\/media\/1382"}],"wp:attachment":[{"href":"https:\/\/arduxop.com.br\/loja\/wp-json\/wp\/v2\/media?parent=1381"}],"wp:term":[{"taxonomy":"product_brand","embeddable":true,"href":"https:\/\/arduxop.com.br\/loja\/wp-json\/wp\/v2\/product_brand?post=1381"},{"taxonomy":"product_cat","embeddable":true,"href":"https:\/\/arduxop.com.br\/loja\/wp-json\/wp\/v2\/product_cat?post=1381"},{"taxonomy":"product_tag","embeddable":true,"href":"https:\/\/arduxop.com.br\/loja\/wp-json\/wp\/v2\/product_tag?post=1381"}],"curies":[{"name":"wp","href":"https:\/\/api.w.org\/{rel}","templated":true}]}}