{"id":13721,"date":"2020-01-06T18:04:01","date_gmt":"2020-01-06T20:04:01","guid":{"rendered":"https:\/\/arduxop.com.br\/loja\/?post_type=product&#038;p=13721"},"modified":"2024-07-25T07:55:03","modified_gmt":"2024-07-25T11:55:03","slug":"regulador-de-tensao-30v-5a-programavel-kit","status":"publish","type":"product","link":"https:\/\/arduxop.com.br\/loja\/produto\/regulador-de-tensao-30v-5a-programavel-kit\/","title":{"rendered":"Regulador de Tens\u00e3o 30V 5A Programavel &#8211; KIT +"},"content":{"rendered":"<p>DPS3012 display LCD Program\u00e1vel de Tens\u00e3o Constante atual Step-down Power module Abastecimento buck conversor de Voltagem<\/p>\n<p class=\"responsive-video-wrap clr\"><iframe title=\"dp3005\" width=\"1200\" height=\"675\" src=\"https:\/\/www.youtube.com\/embed\/P5bZ4jT4V6M?feature=oembed\" frameborder=\"0\" allow=\"accelerometer; autoplay; clipboard-write; encrypted-media; gyroscope; picture-in-picture\" allowfullscreen><\/iframe><\/p>\n","protected":false},"excerpt":{"rendered":"<p>DPS3012 display LCD Program\u00e1vel de Tens\u00e3o Constante atual Step-down Power module Abastecimento buck conversor de Voltagem<\/p>\n","protected":false},"featured_media":1709,"template":"","meta":[],"product_brand":[],"product_cat":[194],"product_tag":[],"class_list":{"0":"post-13721","1":"product","2":"type-product","3":"status-publish","4":"has-post-thumbnail","6":"product_cat-reguladores-de-tensao","8":"entry","9":"has-media","11":"first","12":"onbackorder","13":"sale","14":"featured","15":"sold-individually","16":"purchasable","17":"product-type-simple","18":"has-product-nav","19":"col","20":"span_1_of_3","21":"owp-content-center","22":"owp-thumbs-layout-horizontal","23":"owp-btn-normal","24":"owp-tabs-layout-horizontal"},"_links":{"self":[{"href":"https:\/\/arduxop.com.br\/loja\/wp-json\/wp\/v2\/product\/13721","targetHints":{"allow":["GET"]}}],"collection":[{"href":"https:\/\/arduxop.com.br\/loja\/wp-json\/wp\/v2\/product"}],"about":[{"href":"https:\/\/arduxop.com.br\/loja\/wp-json\/wp\/v2\/types\/product"}],"wp:featuredmedia":[{"embeddable":true,"href":"https:\/\/arduxop.com.br\/loja\/wp-json\/wp\/v2\/media\/1709"}],"wp:attachment":[{"href":"https:\/\/arduxop.com.br\/loja\/wp-json\/wp\/v2\/media?parent=13721"}],"wp:term":[{"taxonomy":"product_brand","embeddable":true,"href":"https:\/\/arduxop.com.br\/loja\/wp-json\/wp\/v2\/product_brand?post=13721"},{"taxonomy":"product_cat","embeddable":true,"href":"https:\/\/arduxop.com.br\/loja\/wp-json\/wp\/v2\/product_cat?post=13721"},{"taxonomy":"product_tag","embeddable":true,"href":"https:\/\/arduxop.com.br\/loja\/wp-json\/wp\/v2\/product_tag?post=13721"}],"curies":[{"name":"wp","href":"https:\/\/api.w.org\/{rel}","templated":true}]}}