{"id":1342,"date":"2018-01-16T10:25:36","date_gmt":"2018-01-16T13:25:36","guid":{"rendered":"https:\/\/arduxop.com.br\/loja\/produto\/driver-motor-de-passo-a4988-stepstick\/"},"modified":"2025-11-28T15:33:56","modified_gmt":"2025-11-28T19:33:56","slug":"driver-motor-de-passo-a4988-stepstick","status":"publish","type":"product","link":"https:\/\/arduxop.com.br\/loja\/produto\/driver-motor-de-passo-a4988-stepstick\/","title":{"rendered":"Driver A4988"},"content":{"rendered":"<p>O chip A4988 \u00e9 um driver microstepping completo e de f\u00e1cil opera\u00e7\u00e3o. Para motores de passo bipolares este driver tem dispon\u00edvel os seguinte modos de operacao passo cheio, 1\/2 passo, 1\/4, Passo 1\/8 e 1\/16 , com uma capacidade de 2A em at\u00e9 35 V.<\/p>\n<p>O A4988 inclui um regulador de corrente constante. O driver A4988 \u00e9 a chave para a f\u00e1cil implementa\u00e7\u00e3o do controle do seu motor de passo.<\/p>\n<p>caracter\u00edsticas e Benef\u00edcios<br \/>\n\u00b7 baixo RDS (On) de Sa\u00edda<br \/>\n\u00b7 autom\u00e1tico de detec\u00e7\u00e3o de modo de decaimento atual\/sele\u00e7\u00e3o<br \/>\n\u00b7 misturar com modos de decaimento atual lento<br \/>\n\u00b7 retifica\u00e7\u00e3o s\u00edncrona para a baixa dissipa\u00e7\u00e3o de energia<br \/>\n\u00b7 UVLO interno<br \/>\n\u00b7 Cross-prote\u00e7\u00e3o atual<br \/>\n\u00b7 3.3 e 5 V de alimenta\u00e7\u00e3o l\u00f3gica compat\u00edvel<br \/>\n\u00b7 circuito de desligamento t\u00e9rmico<br \/>\n\u00b7 prote\u00e7\u00e3o de falta \u00e0 terra<br \/>\n\u00b7 carga prote\u00e7\u00e3o contra curto-circuito<br \/>\n\u00b7 passo opcional cinco modos: completo, 1\/2, 1\/4, 1\/8 e 1\/16<\/p>\n","protected":false},"excerpt":{"rendered":"<p>Driver Motor De Passo A4988 Stepstick<\/p>\n","protected":false},"featured_media":1346,"template":"","meta":[],"product_brand":[],"product_cat":[198,191,51,212],"product_tag":[],"class_list":{"0":"post-1342","1":"product","2":"type-product","3":"status-publish","4":"has-post-thumbnail","6":"product_cat-cnc","7":"product_cat-drivers","8":"product_cat-motores","9":"product_cat-passo","11":"entry","12":"has-media","14":"first","15":"instock","16":"purchasable","17":"product-type-simple","18":"has-product-nav","19":"col","20":"span_1_of_3","21":"owp-content-center","22":"owp-thumbs-layout-horizontal","23":"owp-btn-normal","24":"owp-tabs-layout-horizontal"},"_links":{"self":[{"href":"https:\/\/arduxop.com.br\/loja\/wp-json\/wp\/v2\/product\/1342","targetHints":{"allow":["GET"]}}],"collection":[{"href":"https:\/\/arduxop.com.br\/loja\/wp-json\/wp\/v2\/product"}],"about":[{"href":"https:\/\/arduxop.com.br\/loja\/wp-json\/wp\/v2\/types\/product"}],"wp:featuredmedia":[{"embeddable":true,"href":"https:\/\/arduxop.com.br\/loja\/wp-json\/wp\/v2\/media\/1346"}],"wp:attachment":[{"href":"https:\/\/arduxop.com.br\/loja\/wp-json\/wp\/v2\/media?parent=1342"}],"wp:term":[{"taxonomy":"product_brand","embeddable":true,"href":"https:\/\/arduxop.com.br\/loja\/wp-json\/wp\/v2\/product_brand?post=1342"},{"taxonomy":"product_cat","embeddable":true,"href":"https:\/\/arduxop.com.br\/loja\/wp-json\/wp\/v2\/product_cat?post=1342"},{"taxonomy":"product_tag","embeddable":true,"href":"https:\/\/arduxop.com.br\/loja\/wp-json\/wp\/v2\/product_tag?post=1342"}],"curies":[{"name":"wp","href":"https:\/\/api.w.org\/{rel}","templated":true}]}}