{"id":1310,"date":"2018-01-16T11:25:36","date_gmt":"2018-01-16T13:25:36","guid":{"rendered":"https:\/\/arduxop.com.br\/loja\/produto\/display-lcd-nokia-5110\/"},"modified":"2025-02-06T15:24:21","modified_gmt":"2025-02-06T19:24:21","slug":"display-lcd-nokia-5110","status":"publish","type":"product","link":"https:\/\/arduxop.com.br\/loja\/produto\/display-lcd-nokia-5110\/","title":{"rendered":"Display LCD Nokia 5110 (Azul)"},"content":{"rendered":"<p>O display LCD \u00e9 uma interface de comunica\u00e7\u00e3o visual e est\u00e1 presente em muitos aparelhos dom\u00e9sticos, eletroeletr\u00f4nicos, autom\u00f3veis e instrumentos de medi\u00e7\u00e3o.<\/p>\n<p>O Display LCD 84&#215;48 Nokia 5110 Azul possui 84 colunas e 48 linhas, al\u00e9m disso, tamb\u00e9m possui backlight (fundo) branco. O grande diferencial deste display est\u00e1 na sua capacidade de exibir conte\u00fados gr\u00e1ficos.<\/p>\n<p>Este Display LCD 84&#215;48 Nokia 5110 Azul \u00e9 comumente utilizado em projetos com Arduino, PIC, Raspberry, NodeMCU ESP8266 ou outras plataformas micro controladas em que seja necess\u00e1rio exibir informa\u00e7\u00f5es em tempo real, tais como temperatura, umidade, valor de tens\u00e3o ou corrente, mensagens de erro, imagens gr\u00e1ficas e etc.<\/p>\n<h2>\nEspecifica\u00e7\u00f5es:<\/h2>\n<p>&#8211; Controlador: PCD8544;<br \/>\n&#8211; Tens\u00e3o de opera\u00e7\u00e3o: 3.3 ou 5VDC;<br \/>\n&#8211; Corrente de opera\u00e7\u00e3o m\u00e1xima: 100mA;<br \/>\n&#8211; Tamanho da tela: 1,6\u201d;<br \/>\n&#8211; Backlight (fundo): LED branco;<br \/>\n&#8211; Interface: serial de 4Mb\/s;<br \/>\n&#8211; Barra de pinos: soldada a placa;<br \/>\n&#8211; Dimens\u00f5es: 44mm(L) X 4mm(A) X 44mm(C);<\/p>\n","protected":false},"excerpt":{"rendered":"<p>O display LCD \u00e9 uma interface de comunica\u00e7\u00e3o visual e est\u00e1 presente em muitos aparelhos dom\u00e9sticos, eletroeletr\u00f4nicos, autom\u00f3veis e instrumentos de medi\u00e7\u00e3o. O Display LCD 84&#215;48 Nokia 5110 Azul possui 84 colunas e 48 linhas, al\u00e9m disso, tamb\u00e9m possui backlight (fundo) branco. O grande diferencial deste display est\u00e1 na sua capacidade de exibir conte\u00fados gr\u00e1ficos. [&hellip;]<\/p>\n","protected":false},"featured_media":18463,"template":"","meta":[],"product_brand":[],"product_cat":[183],"product_tag":[],"class_list":{"0":"post-1310","1":"product","2":"type-product","3":"status-publish","4":"has-post-thumbnail","6":"product_cat-displays","8":"entry","9":"has-media","11":"first","12":"instock","13":"purchasable","14":"product-type-simple","15":"has-product-nav","16":"col","17":"span_1_of_3","18":"owp-content-center","19":"owp-thumbs-layout-horizontal","20":"owp-btn-normal","21":"owp-tabs-layout-horizontal"},"_links":{"self":[{"href":"https:\/\/arduxop.com.br\/loja\/wp-json\/wp\/v2\/product\/1310","targetHints":{"allow":["GET"]}}],"collection":[{"href":"https:\/\/arduxop.com.br\/loja\/wp-json\/wp\/v2\/product"}],"about":[{"href":"https:\/\/arduxop.com.br\/loja\/wp-json\/wp\/v2\/types\/product"}],"wp:featuredmedia":[{"embeddable":true,"href":"https:\/\/arduxop.com.br\/loja\/wp-json\/wp\/v2\/media\/18463"}],"wp:attachment":[{"href":"https:\/\/arduxop.com.br\/loja\/wp-json\/wp\/v2\/media?parent=1310"}],"wp:term":[{"taxonomy":"product_brand","embeddable":true,"href":"https:\/\/arduxop.com.br\/loja\/wp-json\/wp\/v2\/product_brand?post=1310"},{"taxonomy":"product_cat","embeddable":true,"href":"https:\/\/arduxop.com.br\/loja\/wp-json\/wp\/v2\/product_cat?post=1310"},{"taxonomy":"product_tag","embeddable":true,"href":"https:\/\/arduxop.com.br\/loja\/wp-json\/wp\/v2\/product_tag?post=1310"}],"curies":[{"name":"wp","href":"https:\/\/api.w.org\/{rel}","templated":true}]}}