{"id":1294,"date":"2018-01-16T11:25:00","date_gmt":"2018-01-16T13:25:00","guid":{"rendered":"https:\/\/arduxop.com.br\/loja\/produto\/microcontrolador-pic-12f629-i-p\/"},"modified":"2024-07-25T07:58:14","modified_gmt":"2024-07-25T11:58:14","slug":"microcontrolador-pic-12f629-i-p","status":"publish","type":"product","link":"https:\/\/arduxop.com.br\/loja\/produto\/microcontrolador-pic-12f629-i-p\/","title":{"rendered":"Microcontrolador Pic 12f629-i\/p"},"content":{"rendered":"<p>Alto desempenho RISC CPU:Apenas 35 f\u00e1cil de aprender instru\u00e7\u00f5esTodas as instru\u00e7\u00f5es s\u00e3o executadas num \u00fanico ciclo (200 ns), exceto instru\u00e7\u00f5es de salto executados em dois ciclos de dura\u00e7\u00e3o m\u00ednima do ciclo de 200 nsVelocidade do rel\u00f3gio: &#8211; DC &#8211; 20 MHz, clock interno \/ externo do rel\u00f3gio &#8211; instru\u00e7\u00f5es de ciclo 200ns &#8211; DCMem\u00f3ria &#8211; 1024 x 14 palavras de mem\u00f3ria de programa FLASH &#8211; 64 x 8 bytes de mem\u00f3ria de dados (RAM) &#8211; 128 x 8 bytes de mem\u00f3ria EEPROM de dados16 registros de fun\u00e7\u00f5es especiaisSuporte para interrup\u00e7\u00e3oPilha de hardware 8 n\u00edveisModos de endere\u00e7amento diretos, indiretos e relativos de dados e instru\u00e7\u00f5esPerif\u00e9ricos:6 portas configur\u00e1veis \u200b\u200bindividualmente I \/ OCircuito de alta corrente I \/ O PortasAnalog m\u00f3dulo de compara\u00e7\u00e3o: &#8211; um comparador anal\u00f3gico; &#8211; refer\u00eancia de tens\u00e3o program\u00e1vel para o comparador integrado; &#8211; entradas multiplitsiruemye; &#8211; a capacidade de se conectar a sa\u00edda do comparador para os pinos do microcontrolador.M\u00f3dulo ADC (apenas para PIC12F675): &#8211; comprimento de palavra de 10 bits; &#8211; 4 canais program\u00e1veis; &#8211; a fonte de tens\u00e3o de refer\u00eancia de entrada.Timer0: temporizador \/ contador de 8 bitsTimer1: 16-bit temporizador \/ contador: &#8211; entrada de clock externo; &#8211; OSC1 e OSC2 podem ser usados \u200b\u200bcomo terminais para Timer1 oscilador em modo LP INTOSC rel\u00f3gio.64 registradores de uso geral (RAM),http:\/\/www.wvshare.com\/datasheet\/Microchip_PDF\/PIC12F629.PDF,http:\/\/www.microchip.ru\/d-sheets\/41190.htm:PIC12F629:1&#215;1<\/p>\n","protected":false},"excerpt":{"rendered":"<p>Alto desempenho RISC CPU:Apenas 35 f\u00e1cil de aprender instru\u00e7\u00f5esTodas as instru\u00e7\u00f5es s\u00e3o executadas num \u00fanico ciclo (200 ns), exceto instru\u00e7\u00f5es de salto executados em dois ciclos de dura\u00e7\u00e3o m\u00ednima do ciclo de 200 nsVelocidade do rel\u00f3gio: &#8211; DC &#8211; 20 MHz, clock interno \/ externo do rel\u00f3gio &#8211; instru\u00e7\u00f5es de ciclo 200ns &#8211; DCMem\u00f3ria &#8211; [&hellip;]<\/p>\n","protected":false},"featured_media":1295,"template":"","meta":[],"product_brand":[],"product_cat":[174],"product_tag":[],"class_list":{"0":"post-1294","1":"product","2":"type-product","3":"status-publish","4":"has-post-thumbnail","6":"product_cat-pic","8":"entry","9":"has-media","11":"first","12":"instock","13":"sold-individually","14":"purchasable","15":"product-type-simple","16":"has-product-nav","17":"col","18":"span_1_of_3","19":"owp-content-center","20":"owp-thumbs-layout-horizontal","21":"owp-btn-normal","22":"owp-tabs-layout-horizontal"},"_links":{"self":[{"href":"https:\/\/arduxop.com.br\/loja\/wp-json\/wp\/v2\/product\/1294","targetHints":{"allow":["GET"]}}],"collection":[{"href":"https:\/\/arduxop.com.br\/loja\/wp-json\/wp\/v2\/product"}],"about":[{"href":"https:\/\/arduxop.com.br\/loja\/wp-json\/wp\/v2\/types\/product"}],"wp:featuredmedia":[{"embeddable":true,"href":"https:\/\/arduxop.com.br\/loja\/wp-json\/wp\/v2\/media\/1295"}],"wp:attachment":[{"href":"https:\/\/arduxop.com.br\/loja\/wp-json\/wp\/v2\/media?parent=1294"}],"wp:term":[{"taxonomy":"product_brand","embeddable":true,"href":"https:\/\/arduxop.com.br\/loja\/wp-json\/wp\/v2\/product_brand?post=1294"},{"taxonomy":"product_cat","embeddable":true,"href":"https:\/\/arduxop.com.br\/loja\/wp-json\/wp\/v2\/product_cat?post=1294"},{"taxonomy":"product_tag","embeddable":true,"href":"https:\/\/arduxop.com.br\/loja\/wp-json\/wp\/v2\/product_tag?post=1294"}],"curies":[{"name":"wp","href":"https:\/\/api.w.org\/{rel}","templated":true}]}}