{"id":1102,"date":"2018-01-16T11:23:49","date_gmt":"2018-01-16T13:23:49","guid":{"rendered":"https:\/\/arduxop.com.br\/loja\/produto\/1sheeld\/"},"modified":"2024-07-25T07:58:33","modified_gmt":"2024-07-25T11:58:33","slug":"1sheeld","status":"publish","type":"product","link":"https:\/\/arduxop.com.br\/loja\/produto\/1sheeld\/","title":{"rendered":"1sheeld"},"content":{"rendered":"<div>\n<p>O <strong>1Sheeld<\/strong> trata-se de um shield compat\u00edvel com Arduino, \u00e9 uma plataforma com hardware f\u00e1cil que torna infinitamente mais simples a programa\u00e7\u00e3o atrav\u00e9s de uma interface virtual em Android, que permite que um desenvolvedor utilize do 1Sheeld para simular um n\u00famero muito grandes de diferentes shields com diferentes finalidades. Em certo sentido, o 1Sheeld permite que amadores de hardware tenham uma excelente experi\u00eancia com id\u00e9ias e varia\u00e7\u00f5es, o que aumenta a velocidade de itera\u00e7\u00e3o e reduz os custos, al\u00e9m de ajudar a aumentar o potencial de inova\u00e7\u00e3o do Arduino.<\/p>\n<\/div>\n<div>Um smartphone \u00e9 dotado de\u00a0uma grande diversidade de sensores, muitos deles s\u00e3o dos mesmos tipos dos sensores utilizados para prototipar com o Arduino. Tem Bluetooth, Wi-Fi, girosc\u00f3pio, aceler\u00f4metro, uma tela sens\u00edvel ao toque, e todas essas fun\u00e7\u00f5es podem ser reutilizadas. Por que n\u00e3o transferir as capacidades do smartphone para o Arduino? Essa \u00e9 a id\u00e9ia por tr\u00e1s do <a href=\"http:\/\/www.usinainfo.com.br\/www.usinainfo.com.br\/shield-para-arduino\/1sheeld-original-shield-multifuncoes-para-integrar-arduino-e-smartphones-2865.html\" target=\"_blank\" rel=\"noopener noreferrer\">1Sheeld<\/a>.<\/div>\n<div>\n<p><img fetchpriority=\"high\" decoding=\"async\" class=\"alignright\" src=\"http:\/\/www.usinainfo.com.br\/img\/cms\/multifuncoes-do-smartphone.jpg\" alt=\"Multifun\u00e7\u00f5es do Smartphone\" width=\"640\" height=\"482\" \/>Basicamente o <a href=\"http:\/\/www.usinainfo.com.br\/www.usinainfo.com.br\/shield-para-arduino\/1sheeld-original-shield-multifuncoes-para-integrar-arduino-e-smartphones-2865.html\" target=\"_blank\" rel=\"noopener noreferrer\">1Sheeld<\/a>\u00a0\u00e9 dividido em duas partes: a primeira \u00e9 um shield que ser\u00e1 conectado ao microcontrolador Arduino e atuar\u00e1 como uma ponte sem fio para troca de dados entre o Arduino e um smartphone com sistema operacional Android; a segunda parte \u00e9 uma placa com software e um aplicativo para Android, respons\u00e1vel pelo gerenciamento e comunica\u00e7\u00e3o entre o shield e o smartphone.<\/p>\n<\/div>\n<div>Ao conectar \u00e9 poss\u00edvel usar o 1Sheeld\u00a0como entrada ou sa\u00edda do Arduino e realizar o uso de todos os perif\u00e9ricos e sensores j\u00e1 dispon\u00edveis em seu smartphone, ao inv\u00e9s de comprar v\u00e1rios sensores e shields diferentes. O usu\u00e1rio pode utiliz\u00e1-lo para controlar um carro r\u00e1dio-controlado com o girosc\u00f3pio do telefone ou ainda twittar quando algu\u00e9m entrar em determinado c\u00f4modo da casa, entre outros.<\/div>\n<div>\n<p>O objetivo do produto \u00e9 oferecer maneiras mais r\u00e1pidas e mais baratas de prototipagem dos projetos Arduino. Com o desenvolvimento do <a href=\"http:\/\/www.usinainfo.com.br\/www.usinainfo.com.br\/shield-para-arduino\/1sheeld-original-shield-multifuncoes-para-integrar-arduino-e-smartphones-2865.html\" target=\"_blank\" rel=\"noopener noreferrer\">1Sheeld<\/a>\u00a0introduziu-se uma nova dimens\u00e3o ao Arduino, usando o poder de smartphones para simplificar o processo de prototipagem eletr\u00f4nica, fornece a melhor e a solu\u00e7\u00e3o mais conveniente para amadores que precisam de prototipagem acess\u00edvel, com os menores custos.<\/p>\n<\/div>\n<p>&nbsp;<\/p>\n<p>&nbsp;<\/p>\n<p>&nbsp;<\/p>\n<p>&nbsp;<\/p>\n<div>\n<p><img decoding=\"async\" class=\"alignleft\" src=\"http:\/\/www.usinainfo.com.br\/img\/cms\/o-1sheeld-torna-desnecessaria-a-compra-de-diversos-shields.jpg\" alt=\"1Sheeld torna desnecess\u00e1ria a compra de diversos shields\" width=\"600\" height=\"278\" \/><\/p>\n<\/div>\n<div>Assim, comparando o pre\u00e7o do 1Sheeld\u00a0com os de outros shields, por exemplo, shield GPS, shield Wi-Fi, GSM shield, voc\u00ea vai descobrir que esses placas v\u00e3o resultar no pagamento de mais de US $ 200 (d\u00f3lares) no mercado internacional, no Brasil passam facilmente dos R$ 800,00 (reais)! Com 1Sheeld o usu\u00e1rio ter\u00e1 uma plataforma expans\u00edvel com todos os m\u00f3dulos que deseja por menos de R$ 400,00 (reais), economia de at\u00e9 50% no valor final do projeto!<\/div>\n<div>Mas, como funciona o <a href=\"http:\/\/www.usinainfo.com.br\/www.usinainfo.com.br\/shield-para-arduino\/1sheeld-original-shield-multifuncoes-para-integrar-arduino-e-smartphones-2865.html\" target=\"_blank\" rel=\"noopener noreferrer\">1Sheeld<\/a>? Primeiramente \u00e9 necess\u00e1rio escrever um esbo\u00e7o na pr\u00f3pria biblioteca e envi\u00e1-lo para Arduino. Fisicamente basta conectar o 1Sheeld no Arduino e emparelh\u00e1-lo com o seu smartphone Android via bluetooth. Abra o aplicativo que est\u00e1 dispon\u00edvel para download na Google Play e selecione os recursos que voc\u00ea deseja usar do seu dispositivo Android.<\/div>\n<div>O 1Sheeld \u00e9 um novo e compacto shield facilmente configurado para o Arduino. Ele \u00e9 pareado a um aplicativo m\u00f3vel que permite o uso de todas as capacidades dos smartphones com Android, como, por exemplo: tela LCD, switches, girosc\u00f3pio, LEDs, magnet\u00f4metro, aceler\u00f4metro, Wi-Fi, GSM, GPS, entre outros, e tudo isso com seu Arduino.<\/div>\n<div>Em s\u00edntese o 1Sheeld \u00e9 capaz de oferecer ao Arduino uma diversidade finita de sensores para os mais diversos fins, com o diferencial que o usu\u00e1rio n\u00e3o precisa adquirir nenhum, apenas o 1Sheeld que trar\u00e1 todas as funcionalidades dos sensores presentes no smartphone Android pra os seus projetos.<\/div>\n<div>\n<p>O que pode-se fazer com <a href=\"http:\/\/www.usinainfo.com.br\/www.usinainfo.com.br\/shield-para-arduino\/1sheeld-original-shield-multifuncoes-para-integrar-arduino-e-smartphones-2865.html\" target=\"_blank\" rel=\"noopener noreferrer\">1Sheeld<\/a>? O c\u00e9u \u00e9 o limite! O usu\u00e1rio tem um poderoso smartphone Android que pode ser usado para controlar um carro radio-controlado, enviar tweets diante de determinados acontecimentos, enfim fun\u00e7\u00f5es n\u00e3o faltam.<\/p>\n<p><img decoding=\"async\" class=\"alignleft\" src=\"http:\/\/www.usinainfo.com.br\/img\/cms\/1Sheeld%20Arduino.jpg\" alt=\"1Sheeld Arduino\" width=\"300\" height=\"386\" \/><\/p>\n<\/div>\n<div>J\u00e1 foi desenvolvido uma diversidade de m\u00f3dulos para 1Sheeld como, por exemplo, LED, Buzzer, bot\u00e3o alternar, teclado, Music Player, LCD 7 segmentos, Game Pad, Notifica\u00e7\u00f5es, Facebook, Twitter, Girosc\u00f3pio, lanterna, SMS, etc. A seguir vamos conhecer um pouco mais sobre algumas dessas fun\u00e7\u00f5es:<\/div>\n<div><em><strong>M\u00f3dulo Buzzer<\/strong><\/em> \u2013 Utilize o alto-falante do smartphone para reprodu\u00e7\u00e3o de sons, no entanto sem necessidade de adquirir um alto-falante e lig\u00e1-lo ao Arduino. Essa fun\u00e7\u00e3o geralmente \u00e9 acionada pelo Arduino quando acontece determinada a\u00e7\u00e3o.<\/div>\n<div><em><strong>M\u00f3dulo\u00a0<\/strong><\/em><em><strong>Keypad<\/strong><\/em> \u2013 Utilize a tela touch do smartphone como um teclado. Quer abrir a porta do quarto com um c\u00f3digo? Com apenas algumas linhas de c\u00f3digo de programa\u00e7\u00e3o voc\u00ea tem a vantagem de usar um teclado 4\u00d74, assim voc\u00ea pode digitar uma senha para que o Arduino possa abrir ou destrancar uma porta, por meio de um motor ou uma fechadura el\u00e9trica, respectivamente.<\/div>\n<div><em><strong>M\u00f3dulo\u00a0<\/strong><\/em><em><strong>Twitter<\/strong><\/em> \u2013 Trazendo o Twitter em seu c\u00f3digo de esbo\u00e7o Arduino, o m\u00f3dulo permite enviar tweets com apenas uma linha de c\u00f3digo, de modo a avisar o usu\u00e1rio de determinados acontecimentos.<\/div>\n<div>\n<p><em><strong>M\u00f3dulo\u00a0<\/strong><\/em><em><strong>LED<\/strong><\/em> \u2013 Use a tela do smartphone como um LED simples para testar seus pinos de sa\u00edda.<img loading=\"lazy\" decoding=\"async\" class=\"alignright\" src=\"http:\/\/www.usinainfo.com.br\/img\/cms\/M%C3%B3dulos%201Sheeld.jpg\" alt=\"M\u00f3dulos 1Sheeld\" width=\"640\" height=\"294\" \/><\/p>\n<\/div>\n<div><em><strong>M\u00f3dulo<\/strong><\/em><em><strong>\u00a07 Segmentos<\/strong><\/em> \u2013 Use a tela do smartphone como um display de sete segmentos, eles s\u00e3o \u00f3timos para exibir n\u00fameros.<\/div>\n<div><em><strong>M\u00f3dulo\u00a0<\/strong><\/em><em><strong>Email<\/strong><\/em> \u2013 Enviar e-mails quando qualquer evento de hardware acontece.<\/div>\n<div><em><strong>M\u00f3dulo\u00a0<\/strong><\/em><em><strong>Bot\u00e3o Alternar<\/strong><\/em> \u2013 Use a tela do smartphone como um bot\u00e3o de toque ligar ou desligar. Apenas duas palavras simples no c\u00f3digo para que voc\u00ea possa controlar os dispositivos, verificando o estado do bot\u00e3o de altern\u00e2ncia em seu smartphone.<\/div>\n<div>\n<p><em><strong>M\u00f3dulo Fa<\/strong><\/em><em><strong>cebook<\/strong><\/em> \u2013 Ajuda o usu\u00e1rio atualizar o status no Facebook, sob certas condi\u00e7\u00f5es declaradas no esbo\u00e7o do c\u00f3digo, tudo de maneira r\u00e1pida e simples.<\/p>\n<p>&nbsp;<\/p>\n<p><img loading=\"lazy\" decoding=\"async\" class=\"alignleft\" src=\"http:\/\/www.usinainfo.com.br\/img\/cms\/M%C3%B3dulos%201Sheeld%201.jpg\" alt=\"M\u00f3dulos 1Sheeld\" width=\"640\" height=\"294\" \/><\/p>\n<\/div>\n<div><em><strong>M\u00f3dulo\u00a0<\/strong><\/em><em><strong>Skype<\/strong><\/em> \u2013 Skype est\u00e1 agora em seu esbo\u00e7o, n\u00e3o hesite em fazer chamadas ou v\u00eddeo-chamadas quando determinada condi\u00e7\u00e3o \u00e9 satisfeita.<\/div>\n<div><em><strong>M\u00f3dulo\u00a0<\/strong><\/em><em><strong>Bot\u00e3o<\/strong><\/em> \u2013 Use a tela do smartphone como um bot\u00e3o virtual para torn\u00e1-lo mais f\u00e1cil de testar suas id\u00e9ias que utilizam um bot\u00e3o de impulso.<\/div>\n<div><em><strong>M\u00f3dulo\u00a0<\/strong><\/em><em><strong>Slider<\/strong><\/em> \u2013 Use a sua tela sens\u00edvel ao toque do smartphone como um controle deslizante. \u00c9 \u00f3timo para controlar os dispositivos usando um controle deslizante como, por exemplo, para controlar a intensidade da luz ou motores.<\/div>\n<div>\n<p><em><strong>M\u00f3dulo\u00a0<\/strong><\/em><em><strong>C\u00e2mera<\/strong><\/em> \u2013 Permite tirar fotografias quando um determinado evento acontecer, use a placa Arduino para acionar a c\u00e2mera em seu smartphone, com ou sem a luz do flash.<\/p>\n<\/div>\n<p>&nbsp;<\/p>\n<p>&nbsp;<\/p>\n<p>&nbsp;<\/p>\n<div>\n<p><img loading=\"lazy\" decoding=\"async\" class=\"alignright\" src=\"http:\/\/www.usinainfo.com.br\/img\/cms\/M%C3%B3dulos%201Sheeld%202.jpg\" alt=\"M\u00f3dulos 1Sheeld\" width=\"640\" height=\"294\" \/><\/p>\n<\/div>\n<p>&nbsp;<\/p>\n<div><em><strong>M\u00f3dulo\u00a0<\/strong><\/em><em><strong>SMS<\/strong><\/em> \u2013 Permite enviar um SMS para um n\u00famero de telefone quando determinado gatilho \u00e9 ativado.<\/div>\n<div><em><strong>M\u00f3dulo Mic<\/strong><\/em> \u2013 Use o n\u00edvel de som para desencadear uma a\u00e7\u00e3o de hardware, detectar o n\u00edvel de ru\u00eddo para disparar um alarme. Que tal abrir a porta com uma batida secreta?<\/div>\n<div><em><strong>M\u00f3dulo\u00a0<\/strong><\/em><em><strong>Aceler\u00f4metro<\/strong><\/em> \u2013 Obter a acelera\u00e7\u00e3o de um objeto em movimento \u00e9 mais f\u00e1cil agora, escrevendo uma linha simples em seu esbo\u00e7o, voc\u00ea recebe os dados de X, Y e Z do sensor aceler\u00f4metro do seu smartphone.<\/div>\n<div>\n<p><em><strong>M\u00f3dulo<\/strong><\/em><em><strong>\u00a0Girosc\u00f3pio<\/strong><\/em> \u2013 Com o sensor de girosc\u00f3pio do smartphone \u00e9 poss\u00edvel ligar alguns LEDs enquanto movimenta o celular, obtendo os valores em 3 eixos (X, Y e Z), poder\u00e1 tamb\u00e9m ser usado para dirigir um carro Arduino controlado.<\/p>\n<p>&nbsp;<\/p>\n<p>&nbsp;<\/p>\n<p>&nbsp;<\/p>\n<p><img loading=\"lazy\" decoding=\"async\" class=\"alignleft\" src=\"http:\/\/www.usinainfo.com.br\/img\/cms\/M%C3%B3dulos%201Sheeld%203.jpg\" alt=\"M\u00f3dulos 1Sheeld\" width=\"640\" height=\"294\" \/><\/p>\n<\/div>\n<div>Posso adicionar meus pr\u00f3prios m\u00f3dulos? O Fabricante tem a inten\u00e7\u00e3o de tornar a plataforma o mais aberta poss\u00edvel, \u00e9 por isso que vai liberar as especifica\u00e7\u00f5es de desenvolvimento e APIs para facilitar que os desenvolvedores que trabalham com Android possam fazer seus pr\u00f3prios m\u00f3dulos com base no 1Sheeld. Os desenvolvedores podem fazer o upload desses m\u00f3dulos na loja do Google. Assim, \u00e9 poss\u00edvel ter apenas um shield f\u00edsico Arduino e um n\u00famero ilimitado de m\u00f3dulos com as mais variadas fun\u00e7\u00f5es!<\/div>\n<div>Como usar o aplicativo? \u00c9 um simples aplicativo de duas telas, a primeira mostra uma lista de todos os m\u00f3dulos dispon\u00edveis, voc\u00ea pode selecionar os m\u00f3dulos que quer e clique em \u201cAvan\u00e7ar\u201d para ir para a segunda tela. Nesta tela voc\u00ea vai ter todos os seus m\u00f3dulos selecionados \u00e0 direita e pode alternar entre elas. Os m\u00f3dulos usando nossa biblioteca n\u00e3o v\u00e3o precisar de mais configura\u00e7\u00f5es, mas os outros m\u00f3dulos que contam com os pinos do Arduino ter\u00e1 de ser configurado usando o bot\u00e3o de conex\u00e3o na tela.<\/div>\n<div><\/div>\n<div>A biblioteca tentou-se reduzir ao m\u00e1ximo complexidade de escrever esbo\u00e7os de c\u00f3digo Arduino, muitas das interfaces com bibliotecas s\u00e3o as mesmas que as interfaces originais do Arduino, por isso a maioria dos seus antigos esbo\u00e7os ser\u00e1 executado utilizando o <a href=\"http:\/\/www.usinainfo.com.br\/www.usinainfo.com.br\/shield-para-arduino\/1sheeld-original-shield-multifuncoes-para-integrar-arduino-e-smartphones-2865.html\">1Sheeld<\/a>\u00a0com modifica\u00e7\u00f5es m\u00ednimas.<\/div>\n<div>\n<p>A seguir vamos acompanhar 3 momentos destaques da entrevista com Amr Saleh e Isl\u00e3 Mostafa, os criadores do 1SHEELD:<img loading=\"lazy\" decoding=\"async\" class=\"alignright\" src=\"http:\/\/www.usinainfo.com.br\/img\/cms\/1Sheeld%20Entrevista.jpg\" alt=\"1Sheeld\" width=\"350\" height=\"259\" \/><\/p>\n<\/div>\n<div>Entrevistador: Como a equipe se re\u00faniu para construir o 1SHEELD?<\/div>\n<div><em>Amr Saleh<\/em>: Come\u00e7amos a trabalhar h\u00e1 mais de 2 anos no nosso projeto de uma placa inteligente. Ganhamos v\u00e1rios concursos nacionais e internacionais com ele e pensamos em comercializar a ideia, por isso temos financiamento privados [\u2026].<\/div>\n<div>Entrevistador: Quais foram as experi\u00eancias e percep\u00e7\u00f5es que levaram \u00e0 cria\u00e7\u00e3o da vis\u00e3o do produto?<\/div>\n<div><em>Islam Mostafa<\/em>: Se voc\u00ea \u00e9 um obcecado como eu, ent\u00e3o voc\u00ea gosta de experimentar muito e mexer e for\u00e7ar a eletr\u00f4nica para que fa\u00e7a coisas que n\u00e3o estava destinada a fazer. Eu costumava fazer muitos projetos em casa usando Arduino e eu gostei do fato de que tem v\u00e1rios acess\u00f3rios que aumentam a sua funcionalidade. Se o seu desejo \u00e9 se conectar com Bluetooth, \u00e9 f\u00e1cil comprar o shield Bluetooth. Se precisa conectar o seu projeto \u00e0 Internet, n\u00e3o h\u00e1 problema \u00e9 s\u00f3 comprar o shield WiFi, e a lista s\u00f3 aumenta.<\/div>\n<div>Ent\u00e3o eu percebi que a maioria dessas funcionalidades e perif\u00e9ricos j\u00e1 existe no meu smartphone, mesmo se eu precisar de alguns bot\u00f5es, o meu telefone pode exibi-los em sua tela de toque. Foi quando saiu a ideia 1Sheeld, se temos um shield que atua como um gateway entre o Arduino e o smartphone, que traria ao meu Arduino todas as capacidades de telefone e vice-versa, e seria o mesmo que introduzir shields e acess\u00f3rios. E Tudo isso pode ser feito sem comprar os shields reais, apenas o 1Sheeld e nosso aplicativo Android.<\/div>\n<div>Entrevistador: Como foi sua experi\u00eancia em prototipagem e experimenta\u00e7\u00e3o que conduziu ao produto?<\/div>\n<div><em>Amr Saleh<\/em>: N\u00f3s tivemos uma grande experi\u00eancia em prot\u00f3tipos 1Sheeld, \u00e9 incr\u00edvel construir uma forma de produto do zero, vendo a passagem de ciclo completo por seus olhos de um diagrama de blocos, a esquem\u00e1tica, a codifica\u00e7\u00e3o, para o PCB e montagem, em seguida, a depura\u00e7\u00e3o e ensaio.<\/div>\n<div>\u00c9 \u00f3timo ter uma equipe talentosa trabalhando forma\u00e7\u00e3o de um projeto, do come\u00e7o at\u00e9 o fim. Esperamos que voc\u00ea esteja t\u00e3o animado sobre 1Sheeld como n\u00f3s, n\u00e3o podemos esperar para coloc\u00e1-lo em suas m\u00e3os! [\u2026]\u201d.<\/div>\n","protected":false},"excerpt":{"rendered":"<p>A M\u00e3e de todas as shields<\/p>\n","protected":false},"featured_media":1103,"template":"","meta":[],"product_brand":[],"product_cat":[179],"product_tag":[],"class_list":{"0":"post-1102","1":"product","2":"type-product","3":"status-publish","4":"has-post-thumbnail","6":"product_cat-shields","8":"entry","9":"has-media","11":"first","12":"instock","13":"purchasable","14":"product-type-simple","15":"has-product-nav","16":"col","17":"span_1_of_3","18":"owp-content-center","19":"owp-thumbs-layout-horizontal","20":"owp-btn-normal","21":"owp-tabs-layout-horizontal"},"_links":{"self":[{"href":"https:\/\/arduxop.com.br\/loja\/wp-json\/wp\/v2\/product\/1102","targetHints":{"allow":["GET"]}}],"collection":[{"href":"https:\/\/arduxop.com.br\/loja\/wp-json\/wp\/v2\/product"}],"about":[{"href":"https:\/\/arduxop.com.br\/loja\/wp-json\/wp\/v2\/types\/product"}],"wp:featuredmedia":[{"embeddable":true,"href":"https:\/\/arduxop.com.br\/loja\/wp-json\/wp\/v2\/media\/1103"}],"wp:attachment":[{"href":"https:\/\/arduxop.com.br\/loja\/wp-json\/wp\/v2\/media?parent=1102"}],"wp:term":[{"taxonomy":"product_brand","embeddable":true,"href":"https:\/\/arduxop.com.br\/loja\/wp-json\/wp\/v2\/product_brand?post=1102"},{"taxonomy":"product_cat","embeddable":true,"href":"https:\/\/arduxop.com.br\/loja\/wp-json\/wp\/v2\/product_cat?post=1102"},{"taxonomy":"product_tag","embeddable":true,"href":"https:\/\/arduxop.com.br\/loja\/wp-json\/wp\/v2\/product_tag?post=1102"}],"curies":[{"name":"wp","href":"https:\/\/api.w.org\/{rel}","templated":true}]}}