{"id":1063,"date":"2018-01-16T10:23:23","date_gmt":"2018-01-16T13:23:23","guid":{"rendered":"https:\/\/arduxop.com.br\/loja\/produto\/sensor-de-presenca-pir-infravermelho-hc-sr501\/"},"modified":"2024-07-25T07:59:16","modified_gmt":"2024-07-25T11:59:16","slug":"sensor-de-presenca-pir-infravermelho-hc-sr501","status":"publish","type":"product","link":"https:\/\/arduxop.com.br\/loja\/produto\/sensor-de-presenca-pir-infravermelho-hc-sr501\/","title":{"rendered":"Sensor De Presen\u00e7a Pir"},"content":{"rendered":"<p>&#8211; O\u00a0sensor de movimento para Arduino\u00a0\u00e9 um m\u00f3dulo autom\u00e1tico de controle que utiliza um sensor piroel\u00e9trico (\u00a0sensor PIR\u00a0), capaz de detectar movimentos baseados na varia\u00e7\u00e3o da luz infravermelha emitida pela radia\u00e7\u00e3o do corpo humano.<\/p>\n<p>&#8211; Quando em uso, o\u00a0sensor PIR\u00a0\u00e9 capaz de detectar movimento em uma \u00e1rea de at\u00e9 7 metros trabalhando com um \u00e2ngulo de at\u00e9 100\u00b0, \u00e9 claro que como age por sistema infravermelho capta somente movimento de objetos que exalam calor como, por exemplo, o corpo humano.<\/p>\n<p>&#8211; \u00c9 muito importante referir tamb\u00e9m que o\u00a0sensor de movimento para Arduino\u00a0detecta somente movimento e n\u00e3o presen\u00e7a, deste modo, se algo permanecer parado frente a ele, o\u00a0sensor PIR\u00a0n\u00e3o ir\u00e1 detectar.<\/p>\n<p>&#8211; No momento em que o sensor detectar algum movimento em sua \u00e1rea de alcance, o mesmo emite uma um sinal de 3.3V atrav\u00e9s de seu pino OUT.<\/p>\n<p>&#8211; O\u00a0sensor de movimento para Arduino\u00a0possui outra peculiaridade que \u00e9 o longo atraso que o mesmo pode demonstrar logo ap\u00f3s de realizar a detec\u00e7\u00e3o. Isto ocorre pois em sua parte traseira o sensor PIR possui um potenci\u00f4metro que permite uma configura\u00e7\u00e3o m\u00ednima de aproximadamente 3 segundos.<\/p>\n<p>&#8211; Para podermos utilizar o\u00a0sensor de movimento para Arduino\u00a0primeiramente devemos alimentar o m\u00f3dulo com uma tens\u00e3o de 5V at\u00e9 20V no pino VCC do sensor e uma tens\u00e3o de 0V junto ao pino GND.<\/p>\n<p>&#8211; Este\u00a0sensor PIR\u00a0possui ainda a capacidade de ajuste para o tempo de retardo (de at\u00e9 200 segundos), isto \u00e9, o tempo ao qual o sensor continuar\u00e1 a enviar sinal do pino OUT atrav\u00e9s do VR1 e ainda o ajuste da sensibilidade atrav\u00e9s do VR2.- Pensando em voc\u00ea e na prote\u00e7\u00e3o do seu aparelho o\u00a0sensor de movimento para Arduino\u00a0possui em sua parte frontal uma prote\u00e7\u00e3o remov\u00edvel que garante ao seu sensor uma maior prote\u00e7\u00e3o sem interferir em sua verifica\u00e7\u00e3o.<\/p>\n<p>CARACTER\u00cdSTICAS:<\/p>\n<p>&#8211; Sensor de movimento para Arduino;- Sensor PIR;<\/p>\n<p>&#8211; Realiza detec\u00e7\u00e3o atrav\u00e9s de sistema infravermelho;<\/p>\n<p>&#8211; Detecta movimento em uma \u00e1rea de at\u00e9 7 metros;<\/p>\n<p>&#8211; Raio de alcance de aproximadamente 100\u00b0;<\/p>\n<p>&#8211; Ajuste do tempo de retardo e sensibilidade;<\/p>\n<p>&#8211; Tempo de retardo m\u00e1ximo de 200 segundos;<\/p>\n<p>&#8211; Possui prote\u00e7\u00e3o para o ponto sensorial infravermelho;<\/p>\n<p>&#8211; Datasheet BISS0001:\u00a0Download AQUI.<\/p>\n<p>ESPECIFICA\u00c7\u00d5ES:<\/p>\n<p>&#8211; Modelo: HCSR501;- Chip: BISS0001;<\/p>\n<p>&#8211; Alimenta\u00e7\u00e3o: 5V &#8211; 20VDC;- Sa\u00edda TTL\/OUT: 3.3V;<\/p>\n<p>&#8211; Tempo de retardo ajust\u00e1vel: 2s &#8211; 200s;<\/p>\n<p>&#8211; Dist\u00e2ncia detect\u00e1vel (ajust\u00e1vel): 3m &#8211; 7m;<\/p>\n<p>&#8211; \u00c2ngulo de detec\u00e7\u00e3o: &lt;100\u00b0;<\/p>\n<p>&#8211; Dimens\u00f5es (CxLxA): 32x24x24mm;- Peso: 5g.<\/p>\n","protected":false},"excerpt":{"rendered":"<p>Sensor De Presen\u00e7a Pir Infravermelho &#8211; Hc-sr501<\/p>\n","protected":false},"featured_media":1066,"template":"","meta":[],"product_brand":[],"product_cat":[178],"product_tag":[],"class_list":{"0":"post-1063","1":"product","2":"type-product","3":"status-publish","4":"has-post-thumbnail","6":"product_cat-sensores","8":"entry","9":"has-media","11":"first","12":"instock","13":"purchasable","14":"product-type-simple","15":"has-product-nav","16":"col","17":"span_1_of_3","18":"owp-content-center","19":"owp-thumbs-layout-horizontal","20":"owp-btn-normal","21":"owp-tabs-layout-horizontal"},"_links":{"self":[{"href":"https:\/\/arduxop.com.br\/loja\/wp-json\/wp\/v2\/product\/1063","targetHints":{"allow":["GET"]}}],"collection":[{"href":"https:\/\/arduxop.com.br\/loja\/wp-json\/wp\/v2\/product"}],"about":[{"href":"https:\/\/arduxop.com.br\/loja\/wp-json\/wp\/v2\/types\/product"}],"wp:featuredmedia":[{"embeddable":true,"href":"https:\/\/arduxop.com.br\/loja\/wp-json\/wp\/v2\/media\/1066"}],"wp:attachment":[{"href":"https:\/\/arduxop.com.br\/loja\/wp-json\/wp\/v2\/media?parent=1063"}],"wp:term":[{"taxonomy":"product_brand","embeddable":true,"href":"https:\/\/arduxop.com.br\/loja\/wp-json\/wp\/v2\/product_brand?post=1063"},{"taxonomy":"product_cat","embeddable":true,"href":"https:\/\/arduxop.com.br\/loja\/wp-json\/wp\/v2\/product_cat?post=1063"},{"taxonomy":"product_tag","embeddable":true,"href":"https:\/\/arduxop.com.br\/loja\/wp-json\/wp\/v2\/product_tag?post=1063"}],"curies":[{"name":"wp","href":"https:\/\/api.w.org\/{rel}","templated":true}]}}